CRAN Package Check Results for Package kknn

Last updated on 2019-12-11 04:48:18 CET.

Flavor Version Tinstall Tcheck Ttotal Status Flags
r-devel-linux-x86_64-debian-clang 1.3.1 7.76 68.20 75.96 OK
r-devel-linux-x86_64-debian-gcc 1.3.1 6.79 52.94 59.73 OK
r-devel-linux-x86_64-fedora-clang 1.3.1 94.46 NOTE
r-devel-linux-x86_64-fedora-gcc 1.3.1 92.78 NOTE
r-devel-windows-ix86+x86_64 1.3.1 17.00 120.00 137.00 OK
r-devel-windows-ix86+x86_64-gcc8 1.3.1 16.00 104.00 120.00 OK
r-patched-linux-x86_64 1.3.1 6.94 60.49 67.43 OK
r-patched-solaris-x86 1.3.1 126.50 OK
r-release-linux-x86_64 1.3.1 7.65 62.16 69.81 OK
r-release-windows-ix86+x86_64 1.3.1 14.00 88.00 102.00 OK
r-release-osx-x86_64 1.3.1 OK
r-oldrel-windows-ix86+x86_64 1.3.1 11.00 87.00 98.00 OK
r-oldrel-osx-x86_64 1.3.1 OK

Check Details

Version: 1.3.1
Check: compiled code
Result: NOTE
    File ‘kknn/libs/kknn.so’:
     Found no calls to: ‘R_registerRoutines’, ‘R_useDynamicSymbols’
    
    It is good practice to register native routines and to disable symbol
    search.
    
    See ‘Writing portable packages’ in the ‘Writing R Extensions’ manual.
Flavors: r-devel-linux-x86_64-fedora-clang, r-devel-linux-x86_64-fedora-gcc