CRAN Package Check Results for Package klic

Last updated on 2020-11-29 05:47:23 CET.

Flavor Version Tinstall Tcheck Ttotal Status Flags
r-devel-linux-x86_64-debian-clang 1.0.4 4.84 28.30 33.14 OK
r-devel-linux-x86_64-debian-gcc 1.0.4 3.34 26.29 29.63 OK
r-devel-linux-x86_64-fedora-clang 1.0.4 45.56 OK
r-devel-linux-x86_64-fedora-gcc 1.0.4 36.14 OK
r-devel-windows-ix86+x86_64 1.0.4 8.00 34.00 42.00 OK
r-patched-linux-x86_64 1.0.4 3.46 29.96 33.42 OK
r-patched-solaris-x86 1.0.4 57.20 NOTE
r-release-linux-x86_64 1.0.4 4.62 29.25 33.87 OK
r-release-macos-x86_64 1.0.4 OK
r-release-windows-ix86+x86_64 1.0.4 9.00 32.00 41.00 OK
r-oldrel-macos-x86_64 1.0.4 OK
r-oldrel-windows-ix86+x86_64 1.0.4 5.00 45.00 50.00 OK

Check Details

Version: 1.0.4
Check: package dependencies
Result: NOTE
    Package suggested but not available for checking: ‘Rmosek’
Flavor: r-patched-solaris-x86