CRAN Package Check Results for Package kmcudaR

Last updated on 2019-09-23 20:47:36 CEST.

Flavor Version Tinstall Tcheck Ttotal Status Flags
r-devel-linux-x86_64-debian-clang 1.1.0 2.18 21.91 24.09 OK --no-examples --no-tests --no-vignettes
r-devel-linux-x86_64-debian-gcc 1.1.0 1.85 17.56 19.41 OK --no-examples --no-tests --no-vignettes
r-patched-linux-x86_64 1.1.0 1.90 21.36 23.26 OK --no-examples --no-tests --no-vignettes
r-release-linux-x86_64 1.1.0 1.47 21.45 22.92 OK --no-examples --no-tests --no-vignettes
r-release-osx-x86_64 1.1.0 ERROR
r-oldrel-osx-x86_64 1.1.0 ERROR

Check Details

Version: 1.1.0
Check: whether package can be installed
Result: ERROR
    Installation failed.
Flavors: r-release-osx-x86_64, r-oldrel-osx-x86_64