CRAN Package Check Results for Package kmcudaR

Last updated on 2020-06-01 13:49:38 CEST.

Flavor Version Tinstall Tcheck Ttotal Status Flags
r-devel-linux-x86_64-debian-clang 1.1.0 2.51 23.75 26.26 OK --no-examples --no-tests --no-vignettes
r-devel-linux-x86_64-debian-gcc 1.1.0 1.73 18.83 20.56 OK --no-examples --no-tests --no-vignettes
r-patched-linux-x86_64 1.1.0 2.51 23.76 26.27 OK --no-examples --no-tests --no-vignettes
r-release-linux-x86_64 1.1.0 1.96 23.91 25.87 OK --no-examples --no-tests --no-vignettes
r-release-osx-x86_64 1.1.0 ERROR
r-oldrel-osx-x86_64 1.1.0 ERROR

Check Details

Version: 1.1.0
Check: whether package can be installed
Result: ERROR
    Installation failed.
Flavors: r-release-osx-x86_64, r-oldrel-osx-x86_64