CRAN Package Check Results for Package kmeRs

Last updated on 2019-09-16 22:49:25 CEST.

Flavor Version Tinstall Tcheck Ttotal Status Flags
r-devel-linux-x86_64-debian-clang 1.1.0 13.38 116.40 129.78 OK
r-devel-linux-x86_64-debian-gcc 1.1.0 11.44 91.75 103.19 OK
r-devel-linux-x86_64-fedora-clang 1.1.0 171.12 OK
r-devel-linux-x86_64-fedora-gcc 1.1.0 156.43 OK
r-devel-windows-ix86+x86_64 1.1.0 47.00 121.00 168.00 OK
r-patched-linux-x86_64 1.1.0 12.85 114.68 127.53 OK
r-patched-solaris-x86 1.1.0 263.40 OK
r-release-linux-x86_64 1.1.0 12.26 114.21 126.47 OK
r-release-windows-ix86+x86_64 1.1.0 31.00 169.00 200.00 OK
r-release-osx-x86_64 1.1.0 ERROR
r-oldrel-windows-ix86+x86_64 1.1.0 27.00 117.00 144.00 OK
r-oldrel-osx-x86_64 1.1.0 OK

Check Details

Version: 1.1.0
Check: package dependencies
Result: ERROR
    Package required but not available: ‘Biostrings’
    
    See section ‘The DESCRIPTION file’ in the ‘Writing R Extensions’
    manual.
Flavor: r-release-osx-x86_64