Last updated on 2022-06-27 16:51:57 CEST.
Flavor | Version | Tinstall | Tcheck | Ttotal | Status | Flags |
---|---|---|---|---|---|---|
r-devel-linux-x86_64-debian-clang | 2.4.1 | 9.32 | 63.56 | 72.88 | NOTE | |
r-devel-linux-x86_64-debian-gcc | 2.4.1 | 7.45 | 48.94 | 56.39 | NOTE | |
r-devel-linux-x86_64-fedora-clang | 2.4.1 | 98.83 | NOTE | |||
r-devel-linux-x86_64-fedora-gcc | 2.4.1 | 97.48 | NOTE | |||
r-devel-windows-x86_64 | 2.4.1 | 24.00 | 87.00 | 111.00 | OK | |
r-patched-linux-x86_64 | 2.4.1 | 13.52 | 63.28 | 76.80 | NOTE | |
r-release-linux-x86_64 | 2.4.1 | 9.75 | 63.96 | 73.71 | NOTE | |
r-release-macos-arm64 | 2.4.1 | 37.00 | OK | |||
r-release-macos-x86_64 | 2.4.1 | 53.00 | OK | |||
r-release-windows-x86_64 | 2.4.1 | 28.00 | 89.00 | 117.00 | OK | |
r-oldrel-macos-arm64 | 2.4.1 | 62.00 | OK | |||
r-oldrel-macos-x86_64 | 2.4.1 | 75.00 | OK | |||
r-oldrel-windows-ix86+x86_64 | 2.4.1 | 24.00 | 117.00 | 141.00 | OK |
Version: 2.4.1
Check: for non-standard things in the check directory
Result: NOTE
Found the following files/directories:
'cld1.Rdata' 'ld.Rdata' 'myCld.Rdata'
Flavors: r-devel-linux-x86_64-debian-clang, r-devel-linux-x86_64-debian-gcc, r-devel-linux-x86_64-fedora-clang, r-devel-linux-x86_64-fedora-gcc, r-patched-linux-x86_64, r-release-linux-x86_64
Version: 2.4.1
Check: Rd cross-references
Result: NOTE
Undeclared package ‘kml3d’ in Rd xrefs
Flavor: r-devel-linux-x86_64-fedora-clang
Version: 2.4.1
Check: compiled code
Result: NOTE
File ‘kml/libs/kml.so’:
Found no calls to: ‘R_registerRoutines’, ‘R_useDynamicSymbols’
It is good practice to register native routines and to disable symbol
search.
See ‘Writing portable packages’ in the ‘Writing R Extensions’ manual.
Flavors: r-devel-linux-x86_64-fedora-clang, r-devel-linux-x86_64-fedora-gcc