Last updated on 2023-06-10 15:56:24 CEST.
Flavor | Version | Tinstall | Tcheck | Ttotal | Status | Flags |
---|---|---|---|---|---|---|
r-devel-linux-x86_64-debian-clang | 2.4.6 | 9.32 | 65.87 | 75.19 | OK | |
r-devel-linux-x86_64-debian-gcc | 2.4.6 | 7.85 | 49.90 | 57.75 | OK | |
r-devel-linux-x86_64-fedora-clang | 2.4.6 | 94.35 | NOTE | |||
r-devel-linux-x86_64-fedora-gcc | 2.4.6 | 95.25 | OK | |||
r-devel-windows-x86_64 | 2.4.6 | 11.00 | 75.00 | 86.00 | OK | |
r-patched-linux-x86_64 | 2.4.6 | 15.39 | 63.26 | 78.65 | OK | |
r-release-linux-x86_64 | 2.4.6 | 9.00 | 62.46 | 71.46 | OK | |
r-release-macos-arm64 | 2.4.6 | 35.00 | OK | |||
r-release-macos-x86_64 | 2.4.6 | 52.00 | OK | |||
r-release-windows-x86_64 | 2.4.6 | 14.00 | 81.00 | 95.00 | OK | |
r-oldrel-macos-arm64 | 2.4.6 | 39.00 | OK | |||
r-oldrel-macos-x86_64 | 2.4.6 | 54.00 | OK | |||
r-oldrel-windows-x86_64 | 2.4.6 | 15.00 | 83.00 | 98.00 | OK |
Version: 2.4.6
Check: Rd cross-references
Result: NOTE
Undeclared package ‘kml3d’ in Rd xrefs
Flavor: r-devel-linux-x86_64-fedora-clang