CRAN Package Check Results for Package kmlShape

Last updated on 2022-05-26 08:52:43 CEST.

Flavor Version Tinstall Tcheck Ttotal Status Flags
r-devel-linux-x86_64-debian-clang 0.9.5 11.64 82.07 93.71 OK
r-devel-linux-x86_64-debian-gcc 0.9.5 9.64 69.51 79.15 OK
r-devel-linux-x86_64-fedora-clang 0.9.5 113.32 NOTE
r-devel-linux-x86_64-fedora-gcc 0.9.5 112.31 NOTE
r-devel-windows-x86_64 0.9.5 41.00 103.00 144.00 OK
r-patched-linux-x86_64 0.9.5 15.10 80.39 95.49 OK
r-release-linux-x86_64 0.9.5 OK
r-release-macos-arm64 0.9.5 46.00 OK
r-release-macos-x86_64 0.9.5 62.00 OK
r-release-windows-x86_64 0.9.5 36.00 101.00 137.00 OK
r-oldrel-macos-arm64 0.9.5 48.00 OK
r-oldrel-macos-x86_64 0.9.5 77.00 OK
r-oldrel-windows-ix86+x86_64 0.9.5 29.00 118.00 147.00 OK

Check Details

Version: 0.9.5
Check: compiled code
Result: NOTE
    File ‘kmlShape/libs/kmlShape.so’:
     Found no calls to: ‘R_registerRoutines’, ‘R_useDynamicSymbols’
    
    It is good practice to register native routines and to disable symbol
    search.
    
    See ‘Writing portable packages’ in the ‘Writing R Extensions’ manual.
Flavors: r-devel-linux-x86_64-fedora-clang, r-devel-linux-x86_64-fedora-gcc