CRAN Package Check Results for Package kmodR

Last updated on 2020-02-17 17:52:12 CET.

Flavor Version Tinstall Tcheck Ttotal Status Flags
r-devel-linux-x86_64-debian-clang 0.1.0 1.85 20.57 22.42 NOTE
r-devel-linux-x86_64-debian-gcc 0.1.0 1.64 16.34 17.98 NOTE
r-devel-linux-x86_64-fedora-clang 0.1.0 28.12 NOTE
r-devel-linux-x86_64-fedora-gcc 0.1.0 26.84 NOTE
r-devel-windows-ix86+x86_64 0.1.0 4.00 32.00 36.00 NOTE
r-devel-windows-ix86+x86_64-gcc8 0.1.0 6.00 50.00 56.00 NOTE
r-patched-linux-x86_64 0.1.0 1.44 18.32 19.76 NOTE
r-patched-solaris-x86 0.1.0 40.10 NOTE
r-release-linux-x86_64 0.1.0 1.51 18.34 19.85 NOTE
r-release-windows-ix86+x86_64 0.1.0 3.00 31.00 34.00 NOTE
r-release-osx-x86_64 0.1.0 NOTE
r-oldrel-windows-ix86+x86_64 0.1.0 2.00 38.00 40.00 NOTE
r-oldrel-osx-x86_64 0.1.0 NOTE

Check Details

Version: 0.1.0
Check: R code for possible problems
Result: NOTE
    C_zero : <anonymous>: no visible global function definition for 'runif'
    get_extra_centroid_index: no visible global function definition for
     'head'
    get_within_cluster_ss: no visible global function definition for
     'aggregate'
    kmod: no visible global function definition for 'head'
    kmod: no visible global function definition for 'tail'
    Undefined global functions or variables:
     aggregate head runif tail
    Consider adding
     importFrom("stats", "aggregate", "runif")
     importFrom("utils", "head", "tail")
    to your NAMESPACE file.
Flavors: r-devel-linux-x86_64-debian-clang, r-devel-linux-x86_64-debian-gcc, r-devel-linux-x86_64-fedora-clang, r-devel-linux-x86_64-fedora-gcc, r-devel-windows-ix86+x86_64, r-devel-windows-ix86+x86_64-gcc8, r-patched-linux-x86_64, r-patched-solaris-x86, r-release-linux-x86_64, r-release-windows-ix86+x86_64, r-release-osx-x86_64, r-oldrel-windows-ix86+x86_64, r-oldrel-osx-x86_64