CRAN Package Check Results for Package kmodR

Last updated on 2020-09-27 22:46:48 CEST.

Flavor Version Tinstall Tcheck Ttotal Status Flags
r-devel-linux-x86_64-debian-clang 0.1.0 1.83 21.18 23.01 NOTE
r-devel-linux-x86_64-debian-gcc 0.1.0 1.58 16.71 18.29 NOTE
r-devel-linux-x86_64-fedora-clang 0.1.0 37.18 NOTE
r-devel-linux-x86_64-fedora-gcc 0.1.0 27.39 NOTE
r-devel-windows-ix86+x86_64 0.1.0 4.00 40.00 44.00 NOTE
r-patched-linux-x86_64 0.1.0 2.13 20.51 22.64 NOTE
r-patched-solaris-x86 0.1.0 43.90 NOTE
r-release-linux-x86_64 0.1.0 1.92 20.51 22.43 NOTE
r-release-macos-x86_64 0.1.0 NOTE
r-release-windows-ix86+x86_64 0.1.0 4.00 38.00 42.00 NOTE
r-oldrel-macos-x86_64 0.1.0 NOTE
r-oldrel-windows-ix86+x86_64 0.1.0 4.00 36.00 40.00 NOTE

Check Details

Version: 0.1.0
Check: R code for possible problems
Result: NOTE
    C_zero : <anonymous>: no visible global function definition for 'runif'
    get_extra_centroid_index: no visible global function definition for
     'head'
    get_within_cluster_ss: no visible global function definition for
     'aggregate'
    kmod: no visible global function definition for 'head'
    kmod: no visible global function definition for 'tail'
    Undefined global functions or variables:
     aggregate head runif tail
    Consider adding
     importFrom("stats", "aggregate", "runif")
     importFrom("utils", "head", "tail")
    to your NAMESPACE file.
Flavors: r-devel-linux-x86_64-debian-clang, r-devel-linux-x86_64-debian-gcc, r-devel-linux-x86_64-fedora-clang, r-devel-linux-x86_64-fedora-gcc, r-devel-windows-ix86+x86_64, r-patched-linux-x86_64, r-patched-solaris-x86, r-release-linux-x86_64, r-release-macos-x86_64, r-release-windows-ix86+x86_64, r-oldrel-macos-x86_64, r-oldrel-windows-ix86+x86_64