CRAN Package Check Results for Package knitr

Last updated on 2020-01-24 07:55:56 CET.

Flavor Version Tinstall Tcheck Ttotal Status Flags
r-devel-linux-x86_64-debian-clang 1.27 10.78 89.14 99.92 OK
r-devel-linux-x86_64-debian-gcc 1.27 9.97 68.60 78.57 OK
r-devel-linux-x86_64-fedora-clang 1.27 129.54 OK
r-devel-linux-x86_64-fedora-gcc 1.27 119.57 OK
r-devel-windows-ix86+x86_64 1.27 29.00 161.00 190.00 OK
r-devel-windows-ix86+x86_64-gcc8 1.27 27.00 171.00 198.00 OK
r-patched-linux-x86_64 1.27 9.23 82.22 91.45 OK
r-patched-solaris-x86 1.27 131.30 NOTE
r-release-linux-x86_64 1.27 8.45 80.89 89.34 OK
r-release-windows-ix86+x86_64 1.27 22.00 165.00 187.00 OK
r-release-osx-x86_64 1.27 OK
r-oldrel-windows-ix86+x86_64 1.27 56.00 99.00 155.00 OK
r-oldrel-osx-x86_64 1.27 OK

Check Details

Version: 1.27
Check: package dependencies
Result: NOTE
    Package suggested but not available for checking: ‘gifski’
Flavor: r-patched-solaris-x86