CRAN Package Check Results for Package knitr

Last updated on 2019-08-24 00:52:30 CEST.

Flavor Version Tinstall Tcheck Ttotal Status Flags
r-devel-linux-x86_64-debian-clang 1.24 9.27 82.10 91.37 OK
r-devel-linux-x86_64-debian-gcc 1.24 8.37 65.60 73.97 OK
r-devel-linux-x86_64-fedora-clang 1.24 121.42 OK
r-devel-linux-x86_64-fedora-gcc 1.24 122.44 OK
r-devel-windows-ix86+x86_64 1.24 18.00 141.00 159.00 OK
r-patched-linux-x86_64 1.24 8.51 82.73 91.24 OK
r-patched-solaris-x86 1.24 135.90 NOTE
r-release-linux-x86_64 1.24 10.79 80.69 91.48 OK
r-release-windows-ix86+x86_64 1.24 30.00 168.00 198.00 OK
r-release-osx-x86_64 1.24 OK
r-oldrel-windows-ix86+x86_64 1.24 81.00 147.00 228.00 OK
r-oldrel-osx-x86_64 1.24 OK

Check Details

Version: 1.24
Check: package dependencies
Result: NOTE
    Package suggested but not available for checking: ‘gifski’
Flavor: r-patched-solaris-x86