CRAN Package Check Results for Package kpcalg

Last updated on 2019-09-19 11:46:59 CEST.

Flavor Version Tinstall Tcheck Ttotal Status Flags
r-devel-linux-x86_64-debian-clang 1.0.1 12.37 233.32 245.69 OK
r-devel-linux-x86_64-debian-gcc 1.0.1 9.43 184.76 194.19 OK
r-devel-linux-x86_64-fedora-clang 1.0.1 264.67 OK
r-devel-linux-x86_64-fedora-gcc 1.0.1 278.97 OK
r-devel-windows-ix86+x86_64 1.0.1 36.00 299.00 335.00 OK
r-patched-linux-x86_64 1.0.1 10.95 233.53 244.48 OK
r-patched-solaris-x86 1.0.1 473.90 OK
r-release-linux-x86_64 1.0.1 10.95 230.34 241.29 OK
r-release-windows-ix86+x86_64 1.0.1 21.00 215.00 236.00 OK
r-release-osx-x86_64 1.0.1 ERROR
r-oldrel-windows-ix86+x86_64 1.0.1 13.00 207.00 220.00 OK
r-oldrel-osx-x86_64 1.0.1 OK

Check Details

Version: 1.0.1
Check: package dependencies
Result: ERROR
    Packages required but not available: 'pcalg', 'graph'
    
    Package suggested but not available for checking: ‘Rgraphviz’
    
    See section ‘The DESCRIPTION file’ in the ‘Writing R Extensions’
    manual.
Flavor: r-release-osx-x86_64