Last updated on 2021-04-16 08:48:30 CEST.
Flavor | Version | Tinstall | Tcheck | Ttotal | Status | Flags |
---|---|---|---|---|---|---|
r-devel-linux-x86_64-debian-clang | 1.70 | 7.09 | 69.78 | 76.87 | OK | |
r-devel-linux-x86_64-debian-gcc | 1.70 | 5.56 | 53.46 | 59.02 | OK | |
r-devel-linux-x86_64-fedora-clang | 1.70 | 100.26 | NOTE | |||
r-devel-linux-x86_64-fedora-gcc | 1.70 | 89.57 | NOTE | |||
r-devel-windows-ix86+x86_64 | 1.70 | 12.00 | 100.00 | 112.00 | OK | |
r-devel-windows-x86_64-gcc10-UCRT | 1.70 | NOTE | ||||
r-patched-linux-x86_64 | 1.70 | 7.13 | 64.86 | 71.99 | OK | |
r-patched-solaris-x86 | 1.70 | 123.40 | NOTE | |||
r-release-linux-x86_64 | 1.70 | 6.18 | 65.87 | 72.05 | OK | |
r-release-macos-x86_64 | 1.70 | NOTE | ||||
r-release-windows-ix86+x86_64 | 1.70 | 11.00 | 94.00 | 105.00 | OK | |
r-oldrel-macos-x86_64 | 1.70 | NOTE | ||||
r-oldrel-windows-ix86+x86_64 | 1.70 | 7.00 | 89.00 | 96.00 | OK |
Version: 1.70
Check: dependencies in R code
Result: NOTE
Namespace in Imports field not imported from: ‘RUnit’
All declared Imports should be used.
Flavors: r-devel-linux-x86_64-fedora-clang, r-devel-linux-x86_64-fedora-gcc, r-devel-windows-x86_64-gcc10-UCRT, r-patched-solaris-x86, r-release-macos-x86_64, r-oldrel-macos-x86_64