Last updated on 2023-03-27 23:55:44 CEST.
Flavor | Version | Tinstall | Tcheck | Ttotal | Status | Flags |
---|---|---|---|---|---|---|
r-devel-linux-x86_64-debian-clang | 2023.2-2 | 13.65 | 83.91 | 97.56 | NOTE | |
r-devel-linux-x86_64-debian-gcc | 2023.2-2 | 10.37 | 61.35 | 71.72 | NOTE | |
r-devel-linux-x86_64-fedora-clang | 2023.2-2 | 127.28 | NOTE | |||
r-devel-linux-x86_64-fedora-gcc | 2023.2-2 | 126.74 | NOTE | |||
r-patched-linux-x86_64 | 2023.2-2 | 14.19 | 79.61 | 93.80 | NOTE | |
r-release-linux-x86_64 | 2023.2-2 | 13.17 | 76.87 | 90.04 | OK | |
r-release-macos-arm64 | 2023.2-2 | 38.00 | OK | |||
r-release-macos-x86_64 | 2023.2-2 | 51.00 | OK | |||
r-release-windows-x86_64 | 2023.2-2 | 79.00 | 122.00 | 201.00 | OK | |
r-oldrel-macos-arm64 | 2023.2-2 | 40.00 | OK | |||
r-oldrel-macos-x86_64 | 2023.2-2 | 54.00 | OK | |||
r-oldrel-windows-ix86+x86_64 | 2023.2-2 | 30.00 | 129.00 | 159.00 | OK |
Version: 2023.2-2
Check: Rd \usage sections
Result: NOTE
S3 methods shown with full name in documentation object ‘stat.functions’:
‘kappa.cor’
The \usage entries for S3 methods should use the \method markup and not
their full name.
See chapter ‘Writing R documentation files’ in the ‘Writing R
Extensions’ manual.
Flavors: r-devel-linux-x86_64-debian-clang, r-devel-linux-x86_64-debian-gcc, r-devel-linux-x86_64-fedora-clang, r-devel-linux-x86_64-fedora-gcc, r-patched-linux-x86_64