CRAN Package Check Results for Package lacrmr

Last updated on 2024-07-21 14:49:37 CEST.

Flavor Version Tinstall Tcheck Ttotal Status Flags
r-devel-linux-x86_64-debian-clang 1.0.5 4.30 50.17 54.47 OK
r-devel-linux-x86_64-debian-gcc 1.0.5 3.75 36.91 40.66 OK
r-devel-linux-x86_64-fedora-clang 1.0.5 70.75 NOTE
r-devel-linux-x86_64-fedora-gcc 1.0.5 77.87 NOTE
r-devel-windows-x86_64 1.0.5 6.00 57.00 63.00 OK
r-patched-linux-x86_64 1.0.5 5.12 47.37 52.49 OK
r-release-linux-x86_64 1.0.5 2.92 46.68 49.60 OK
r-release-macos-arm64 1.0.5 38.00 OK
r-release-macos-x86_64 1.0.5 52.00 OK
r-release-windows-x86_64 1.0.5 5.00 59.00 64.00 OK
r-oldrel-macos-arm64 1.0.5 28.00 OK
r-oldrel-macos-x86_64 1.0.5 37.00 OK
r-oldrel-windows-x86_64 1.0.5 6.00 64.00 70.00 OK

Check Details

Version: 1.0.5
Check: dependencies in R code
Result: NOTE Namespace in Imports field not imported from: ‘stringr’ All declared Imports should be used. Flavors: r-devel-linux-x86_64-fedora-clang, r-devel-linux-x86_64-fedora-gcc