CRAN Package Check Results for Package landpred

Last updated on 2019-09-23 15:47:08 CEST.

Flavor Version Tinstall Tcheck Ttotal Status Flags
r-devel-linux-x86_64-debian-clang 1.0 7.17 55.97 63.14 NOTE
r-devel-linux-x86_64-debian-gcc 1.0 5.33 44.12 49.45 NOTE
r-devel-linux-x86_64-fedora-clang 1.0 74.40 NOTE
r-devel-linux-x86_64-fedora-gcc 1.0 74.80 NOTE
r-devel-windows-ix86+x86_64 1.0 17.00 95.00 112.00 NOTE
r-patched-linux-x86_64 1.0 6.30 55.11 61.41 NOTE
r-patched-solaris-x86 1.0 115.30 NOTE
r-release-linux-x86_64 1.0 6.18 54.58 60.76 NOTE
r-release-windows-ix86+x86_64 1.0 18.00 90.00 108.00 NOTE
r-release-osx-x86_64 1.0 NOTE
r-oldrel-windows-ix86+x86_64 1.0 7.00 97.00 104.00 NOTE
r-oldrel-osx-x86_64 1.0 NOTE

Check Details

Version: 1.0
Check: R code for possible problems
Result: NOTE
    Kern.FUN: no visible global function definition for 'dnorm'
    Prob.Covariate.ShortEvent: no visible global function definition for
     'bw.nrd'
    optimize.mse.BW: no visible global function definition for 'optimize'
    Undefined global functions or variables:
     bw.nrd dnorm optimize
    Consider adding
     importFrom("stats", "bw.nrd", "dnorm", "optimize")
    to your NAMESPACE file.
Flavors: r-devel-linux-x86_64-debian-clang, r-devel-linux-x86_64-debian-gcc, r-devel-linux-x86_64-fedora-clang, r-devel-linux-x86_64-fedora-gcc, r-devel-windows-ix86+x86_64, r-patched-linux-x86_64, r-patched-solaris-x86, r-release-linux-x86_64, r-release-windows-ix86+x86_64, r-release-osx-x86_64, r-oldrel-windows-ix86+x86_64, r-oldrel-osx-x86_64