CRAN Package Check Results for Package landpred

Last updated on 2020-06-01 13:49:39 CEST.

Flavor Version Tinstall Tcheck Ttotal Status Flags
r-devel-linux-x86_64-debian-clang 1.0 8.52 59.80 68.32 NOTE
r-devel-linux-x86_64-debian-gcc 1.0 6.76 48.24 55.00 NOTE
r-devel-linux-x86_64-fedora-clang 1.0 90.33 NOTE
r-devel-linux-x86_64-fedora-gcc 1.0 81.90 NOTE
r-devel-windows-ix86+x86_64 1.0 17.00 98.00 115.00 NOTE
r-patched-linux-x86_64 1.0 8.44 61.54 69.98 NOTE
r-patched-solaris-x86 1.0 128.40 NOTE
r-release-linux-x86_64 1.0 8.25 61.27 69.52 NOTE
r-release-osx-x86_64 1.0 NOTE
r-release-windows-ix86+x86_64 1.0 14.00 137.00 151.00 NOTE
r-oldrel-osx-x86_64 1.0 NOTE
r-oldrel-windows-ix86+x86_64 1.0 13.00 71.00 84.00 NOTE

Check Details

Version: 1.0
Check: R code for possible problems
Result: NOTE
    Kern.FUN: no visible global function definition for 'dnorm'
    Prob.Covariate.ShortEvent: no visible global function definition for
     'bw.nrd'
    optimize.mse.BW: no visible global function definition for 'optimize'
    Undefined global functions or variables:
     bw.nrd dnorm optimize
    Consider adding
     importFrom("stats", "bw.nrd", "dnorm", "optimize")
    to your NAMESPACE file.
Flavors: r-devel-linux-x86_64-debian-clang, r-devel-linux-x86_64-debian-gcc, r-devel-linux-x86_64-fedora-clang, r-devel-linux-x86_64-fedora-gcc, r-devel-windows-ix86+x86_64, r-patched-linux-x86_64, r-patched-solaris-x86, r-release-linux-x86_64, r-release-osx-x86_64, r-release-windows-ix86+x86_64, r-oldrel-osx-x86_64, r-oldrel-windows-ix86+x86_64