CRAN Package Check Results for Package languagelayeR

Last updated on 2024-07-22 12:53:44 CEST.

Flavor Version Tinstall Tcheck Ttotal Status Flags
r-devel-linux-x86_64-debian-clang 1.2.4 3.05 35.71 38.76 NOTE
r-devel-linux-x86_64-debian-gcc 1.2.4 2.21 27.23 29.44 NOTE
r-devel-linux-x86_64-fedora-clang 1.2.4 48.47 NOTE
r-devel-linux-x86_64-fedora-gcc 1.2.4 58.85 NOTE
r-devel-windows-x86_64 1.2.4 4.00 50.00 54.00 NOTE
r-patched-linux-x86_64 1.2.4 2.66 33.66 36.32 NOTE
r-release-linux-x86_64 1.2.4 2.72 33.19 35.91 NOTE
r-release-macos-arm64 1.2.4 26.00 NOTE
r-release-macos-x86_64 1.2.4 43.00 NOTE
r-release-windows-x86_64 1.2.4 4.00 51.00 55.00 NOTE
r-oldrel-macos-arm64 1.2.4 24.00 NOTE
r-oldrel-macos-x86_64 1.2.4 38.00 NOTE
r-oldrel-windows-x86_64 1.2.4 4.00 50.00 54.00 NOTE

Check Details

Version: 1.2.4
Check: LazyData
Result: NOTE 'LazyData' is specified without a 'data' directory Flavors: r-devel-linux-x86_64-debian-clang, r-devel-linux-x86_64-debian-gcc, r-devel-linux-x86_64-fedora-clang, r-devel-linux-x86_64-fedora-gcc, r-devel-windows-x86_64, r-patched-linux-x86_64, r-release-linux-x86_64, r-release-macos-arm64, r-release-macos-x86_64, r-release-windows-x86_64, r-oldrel-macos-arm64, r-oldrel-macos-x86_64, r-oldrel-windows-x86_64