CRAN Package Check Results for Package languagelayeR

Last updated on 2021-04-16 09:50:05 CEST.

Flavor Version Tinstall Tcheck Ttotal Status Flags
r-devel-linux-x86_64-debian-clang 1.2.4 2.32 29.00 31.32 NOTE
r-devel-linux-x86_64-debian-gcc 1.2.4 1.84 22.91 24.75 NOTE
r-devel-linux-x86_64-fedora-clang 1.2.4 47.37 NOTE
r-devel-linux-x86_64-fedora-gcc 1.2.4 37.31 NOTE
r-devel-windows-ix86+x86_64 1.2.4 6.00 48.00 54.00 NOTE
r-devel-windows-x86_64-gcc10-UCRT 1.2.4 NOTE
r-patched-linux-x86_64 1.2.4 2.36 27.89 30.25 OK
r-patched-solaris-x86 1.2.4 61.00 OK
r-release-linux-x86_64 1.2.4 2.31 27.72 30.03 OK
r-release-macos-x86_64 1.2.4 OK
r-release-windows-ix86+x86_64 1.2.4 23.00 46.00 69.00 OK
r-oldrel-macos-x86_64 1.2.4 OK
r-oldrel-windows-ix86+x86_64 1.2.4 4.00 43.00 47.00 OK

Check Details

Version: 1.2.4
Check: LazyData
Result: NOTE
     'LazyData' is specified without a 'data' directory
Flavors: r-devel-linux-x86_64-debian-clang, r-devel-linux-x86_64-debian-gcc, r-devel-linux-x86_64-fedora-clang, r-devel-linux-x86_64-fedora-gcc, r-devel-windows-ix86+x86_64, r-devel-windows-x86_64-gcc10-UCRT