CRAN Package Check Results for Package latentnet

Last updated on 2019-12-12 03:49:41 CET.

Flavor Version Tinstall Tcheck Ttotal Status Flags
r-devel-linux-x86_64-debian-clang 2.9.0 21.74 143.88 165.62 OK
r-devel-linux-x86_64-debian-gcc 2.9.0 14.94 108.00 122.94 OK
r-devel-linux-x86_64-fedora-clang 2.9.0 202.88 OK
r-devel-linux-x86_64-fedora-gcc 2.9.0 191.47 OK
r-devel-windows-ix86+x86_64 2.9.0 42.00 271.00 313.00 OK
r-devel-windows-ix86+x86_64-gcc8 2.9.0 49.00 336.00 385.00 OK
r-patched-linux-x86_64 2.9.0 18.58 127.96 146.54 OK
r-patched-solaris-x86 2.9.0 262.60 OK
r-release-linux-x86_64 2.9.0 17.59 128.84 146.43 OK
r-release-windows-ix86+x86_64 2.9.0 44.00 216.00 260.00 OK
r-release-osx-x86_64 2.9.0 FAIL
r-oldrel-windows-ix86+x86_64 2.9.0 35.00 200.00 235.00 OK
r-oldrel-osx-x86_64 2.9.0 OK

Additional issues

gcc10 LTO

Check Details

Version: 2.9.0
Check: dependencies in R code
Result: FAIL
Flavor: r-release-osx-x86_64