Last updated on 2023-10-01 05:53:15 CEST.
Flavor | Version | Tinstall | Tcheck | Ttotal | Status | Flags |
---|---|---|---|---|---|---|
r-devel-linux-x86_64-debian-clang | 0.21-8 | 20.51 | 197.14 | 217.65 | OK | |
r-devel-linux-x86_64-debian-gcc | 0.21-8 | 10.18 | 149.07 | 159.25 | OK | |
r-devel-linux-x86_64-fedora-clang | 0.21-8 | 269.68 | NOTE | |||
r-devel-linux-x86_64-fedora-gcc | 0.21-8 | 278.64 | OK | |||
r-devel-windows-x86_64 | 0.21-8 | 23.00 | 190.00 | 213.00 | OK | |
r-patched-linux-x86_64 | 0.21-8 | 21.30 | 199.16 | 220.46 | OK | |
r-release-linux-x86_64 | 0.21-8 | 18.07 | 198.61 | 216.68 | OK | |
r-release-macos-arm64 | 0.21-8 | 81.00 | OK | |||
r-release-macos-x86_64 | 0.21-8 | 163.00 | OK | |||
r-release-windows-x86_64 | 0.21-8 | 24.00 | 222.00 | 246.00 | OK | |
r-oldrel-macos-arm64 | 0.21-8 | 97.00 | OK | |||
r-oldrel-macos-x86_64 | 0.21-8 | 117.00 | OK | |||
r-oldrel-windows-x86_64 | 0.21-8 | 29.00 | 218.00 | 247.00 | OK |
Version: 0.21-8
Check: Rd cross-references
Result: NOTE
Undeclared package ‘zoo’ in Rd xrefs
Flavor: r-devel-linux-x86_64-fedora-clang