Last updated on 2023-03-30 07:54:03 CEST.
Flavor | Version | Tinstall | Tcheck | Ttotal | Status | Flags |
---|---|---|---|---|---|---|
r-devel-linux-x86_64-debian-clang | 0.1-2 | 26.61 | 154.57 | 181.18 | NOTE | |
r-devel-linux-x86_64-debian-gcc | 0.1-2 | 19.59 | 115.98 | 135.57 | NOTE | |
r-devel-linux-x86_64-fedora-clang | 0.1-2 | 234.57 | NOTE | |||
r-devel-linux-x86_64-fedora-gcc | 0.1-2 | 232.35 | NOTE | |||
r-devel-windows-x86_64 | 0.1-2 | 45.00 | 0.00 | 45.00 | NOTE | |
r-patched-linux-x86_64 | 0.1-2 | 22.99 | 151.38 | 174.37 | NOTE | |
r-release-linux-x86_64 | 0.1-2 | 19.80 | 154.65 | 174.45 | OK | |
r-release-macos-arm64 | 0.1-2 | 54.00 | OK | |||
r-release-macos-x86_64 | 0.1-2 | 83.00 | OK | |||
r-release-windows-x86_64 | 0.1-2 | 40.00 | 233.00 | 273.00 | OK | |
r-oldrel-macos-arm64 | 0.1-2 | 65.00 | OK | |||
r-oldrel-macos-x86_64 | 0.1-2 | 108.00 | OK | |||
r-oldrel-windows-ix86+x86_64 | 0.1-2 | 67.00 | 327.00 | 394.00 | OK |
Version: 0.1-2
Check: C++ specification
Result: NOTE
Specified C++11: please drop specification unless essential
Flavors: r-devel-linux-x86_64-debian-clang, r-devel-linux-x86_64-debian-gcc, r-devel-linux-x86_64-fedora-clang, r-devel-linux-x86_64-fedora-gcc, r-devel-windows-x86_64, r-patched-linux-x86_64