CRAN Package Check Results for Package lazyeval

Last updated on 2024-06-21 01:57:22 CEST.

Flavor Version Tinstall Tcheck Ttotal Status Flags
r-devel-linux-x86_64-debian-clang 0.2.2 4.13 40.47 44.60 NOTE
r-devel-linux-x86_64-debian-gcc 0.2.2 2.87 31.29 34.16 NOTE
r-devel-linux-x86_64-fedora-clang 0.2.2 61.92 NOTE
r-devel-linux-x86_64-fedora-gcc 0.2.2 67.72 NOTE
r-devel-windows-x86_64 0.2.2 10.00 60.00 70.00 NOTE
r-patched-linux-x86_64 0.2.2 4.66 39.66 44.32 NOTE
r-release-linux-x86_64 0.2.2 4.12 38.94 43.06 NOTE
r-release-macos-arm64 0.2.2 28.00 NOTE
r-release-macos-x86_64 0.2.2 51.00 NOTE
r-release-windows-x86_64 0.2.2 9.00 62.00 71.00 NOTE
r-oldrel-macos-arm64 0.2.2 32.00 NOTE
r-oldrel-macos-x86_64 0.2.2 43.00 NOTE
r-oldrel-windows-x86_64 0.2.2 9.00 64.00 73.00 NOTE

Check Details

Version: 0.2.2
Check: LazyData
Result: NOTE 'LazyData' is specified without a 'data' directory Flavors: r-devel-linux-x86_64-debian-clang, r-devel-linux-x86_64-debian-gcc, r-devel-linux-x86_64-fedora-clang, r-devel-linux-x86_64-fedora-gcc, r-devel-windows-x86_64, r-patched-linux-x86_64, r-release-linux-x86_64, r-release-macos-arm64, r-release-macos-x86_64, r-release-windows-x86_64, r-oldrel-macos-arm64, r-oldrel-macos-x86_64, r-oldrel-windows-x86_64

Version: 0.2.2
Check: compiled code
Result: NOTE File ‘lazyeval/libs/lazyeval.so’: Found non-API call to R: ‘R_PromiseExpr’ Compiled code should not call non-API entry points in R. See ‘Writing portable packages’ in the ‘Writing R Extensions’ manual. Flavors: r-devel-linux-x86_64-debian-clang, r-devel-linux-x86_64-debian-gcc, r-devel-linux-x86_64-fedora-clang, r-devel-linux-x86_64-fedora-gcc

Version: 0.2.2
Check: compiled code
Result: NOTE File 'lazyeval/libs/x64/lazyeval.dll': Found non-API call to R: 'R_PromiseExpr' Compiled code should not call non-API entry points in R. See 'Writing portable packages' in the 'Writing R Extensions' manual. Flavor: r-devel-windows-x86_64