CRAN Package Check Results for Package lcmm

Last updated on 2019-09-23 04:46:24 CEST.

Flavor Version Tinstall Tcheck Ttotal Status Flags
r-devel-linux-x86_64-debian-clang 1.8.1 112.00 384.98 496.98 OK
r-devel-linux-x86_64-debian-gcc 1.8.1 99.37 272.08 371.45 OK
r-devel-linux-x86_64-fedora-clang 1.8.1 624.29 OK
r-devel-linux-x86_64-fedora-gcc 1.8.1 621.98 OK
r-devel-windows-ix86+x86_64 1.8.1 218.00 574.00 792.00 NOTE
r-patched-linux-x86_64 1.8.1 107.57 376.81 484.38 OK
r-patched-solaris-x86 1.8.1 1034.10 NOTE
r-release-linux-x86_64 1.8.1 106.57 379.49 486.06 OK
r-release-windows-ix86+x86_64 1.8.1 225.00 560.00 785.00 NOTE
r-release-osx-x86_64 1.8.1 OK
r-oldrel-windows-ix86+x86_64 1.8.1 152.00 445.00 597.00 NOTE
r-oldrel-osx-x86_64 1.8.1 OK

Additional issues

LTO

Check Details

Version: 1.8.1
Check: installed package size
Result: NOTE
     installed size is 5.1Mb
     sub-directories of 1Mb or more:
     R 1.1Mb
     doc 1.4Mb
     libs 2.3Mb
Flavors: r-devel-windows-ix86+x86_64, r-patched-solaris-x86, r-release-windows-ix86+x86_64, r-oldrel-windows-ix86+x86_64