CRAN Package Check Results for Package lcmm

Last updated on 2020-02-19 21:46:39 CET.

Flavor Version Tinstall Tcheck Ttotal Status Flags
r-devel-linux-x86_64-debian-clang 1.8.1 111.74 409.66 521.40 OK
r-devel-linux-x86_64-debian-gcc 1.8.1 100.54 285.94 386.48 OK
r-devel-linux-x86_64-fedora-clang 1.8.1 656.74 OK
r-devel-linux-x86_64-fedora-gcc 1.8.1 652.15 OK
r-devel-windows-ix86+x86_64 1.8.1 161.00 476.00 637.00 NOTE
r-devel-windows-ix86+x86_64-gcc8 1.8.1 256.00 581.00 837.00 NOTE
r-patched-linux-x86_64 1.8.1 101.34 378.27 479.61 OK
r-patched-solaris-x86 1.8.1 1048.10 NOTE
r-release-linux-x86_64 1.8.1 98.78 376.83 475.61 OK
r-release-windows-ix86+x86_64 1.8.1 164.00 455.00 619.00 NOTE
r-release-osx-x86_64 1.8.1 OK
r-oldrel-windows-ix86+x86_64 1.8.1 158.00 453.00 611.00 NOTE
r-oldrel-osx-x86_64 1.8.1 OK

Additional issues

LTO

Check Details

Version: 1.8.1
Check: installed package size
Result: NOTE
     installed size is 5.1Mb
     sub-directories of 1Mb or more:
     R 1.1Mb
     doc 1.4Mb
     libs 2.3Mb
Flavors: r-devel-windows-ix86+x86_64, r-devel-windows-ix86+x86_64-gcc8, r-patched-solaris-x86, r-release-windows-ix86+x86_64, r-oldrel-windows-ix86+x86_64