CRAN Package Check Results for Package lconnect

Last updated on 2020-06-01 13:49:39 CEST.

Flavor Version Tinstall Tcheck Ttotal Status Flags
r-devel-linux-x86_64-debian-clang 0.1.0 2.16 33.34 35.50 OK
r-devel-linux-x86_64-debian-gcc 0.1.0 1.84 25.79 27.63 OK
r-devel-linux-x86_64-fedora-clang 0.1.0 48.89 OK
r-devel-linux-x86_64-fedora-gcc 0.1.0 40.94 OK
r-devel-windows-ix86+x86_64 0.1.0 8.00 50.00 58.00 WARN
r-patched-linux-x86_64 0.1.0 2.12 33.36 35.48 OK
r-patched-solaris-x86 0.1.0 62.40 OK
r-release-linux-x86_64 0.1.0 2.17 33.08 35.25 OK
r-release-osx-x86_64 0.1.0 OK
r-release-windows-ix86+x86_64 0.1.0 7.00 65.00 72.00 OK
r-oldrel-osx-x86_64 0.1.0 OK
r-oldrel-windows-ix86+x86_64 0.1.0 4.00 53.00 57.00 OK

Check Details

Version: 0.1.0
Check: whether package can be installed
Result: WARN
    Found the following significant warnings:
     Warning: S4 exports specified in 'NAMESPACE' but not defined in package 'lconnect'
Flavor: r-devel-windows-ix86+x86_64