CRAN Package Check Results for Package ldamatch

Last updated on 2020-12-03 16:47:45 CET.

Flavor Version Tinstall Tcheck Ttotal Status Flags
r-devel-linux-x86_64-debian-clang 1.0.1 6.97 160.21 167.18 OK
r-devel-linux-x86_64-debian-gcc 1.0.1 6.67 116.40 123.07 OK
r-devel-linux-x86_64-fedora-clang 1.0.1 195.02 OK
r-devel-linux-x86_64-fedora-gcc 1.0.1 191.98 OK
r-devel-windows-ix86+x86_64 1.0.1 16.00 176.00 192.00 NOTE
r-patched-linux-x86_64 1.0.1 7.17 156.33 163.50 OK
r-patched-solaris-x86 1.0.1 456.40 OK
r-release-linux-x86_64 1.0.1 6.65 157.10 163.75 OK
r-release-macos-x86_64 1.0.1 OK
r-release-windows-ix86+x86_64 1.0.1 11.00 186.00 197.00 NOTE
r-oldrel-macos-x86_64 1.0.1 OK
r-oldrel-windows-ix86+x86_64 1.0.1 11.00 192.00 203.00 NOTE

Check Details

Version: 1.0.1
Check: package dependencies
Result: NOTE
    Package suggested but not available for checking: 'doMC'
Flavors: r-devel-windows-ix86+x86_64, r-release-windows-ix86+x86_64, r-oldrel-windows-ix86+x86_64