CRAN Package Check Results for Package ldatuning

Last updated on 2022-12-02 18:50:14 CET.

Flavor Version Tinstall Tcheck Ttotal Status Flags
r-devel-linux-x86_64-debian-clang 1.0.2 6.90 75.23 82.13 NOTE
r-devel-linux-x86_64-debian-gcc 1.0.2 5.37 56.33 61.70 NOTE
r-devel-linux-x86_64-fedora-clang 1.0.2 109.66 NOTE
r-devel-linux-x86_64-fedora-gcc 1.0.2 111.41 NOTE
r-devel-windows-x86_64 1.0.2 20.00 115.00 135.00 NOTE
r-patched-linux-x86_64 1.0.2 9.31 70.13 79.44 NOTE
r-release-linux-x86_64 1.0.2 6.35 70.40 76.75 NOTE
r-release-macos-arm64 1.0.2 35.00 NOTE
r-release-macos-x86_64 1.0.2 66.00 NOTE
r-release-windows-x86_64 1.0.2 20.00 118.00 138.00 NOTE
r-oldrel-macos-arm64 1.0.2 49.00 NOTE
r-oldrel-macos-x86_64 1.0.2 61.00 NOTE
r-oldrel-windows-ix86+x86_64 1.0.2 18.00 112.00 130.00 NOTE

Check Details

Version: 1.0.2
Check: LazyData
Result: NOTE
     'LazyData' is specified without a 'data' directory
Flavors: r-devel-linux-x86_64-debian-clang, r-devel-linux-x86_64-debian-gcc, r-devel-linux-x86_64-fedora-clang, r-devel-linux-x86_64-fedora-gcc, r-devel-windows-x86_64, r-patched-linux-x86_64, r-release-linux-x86_64, r-release-macos-arm64, r-release-macos-x86_64, r-release-windows-x86_64, r-oldrel-macos-arm64, r-oldrel-macos-x86_64, r-oldrel-windows-ix86+x86_64

Version: 1.0.2
Check: Rd cross-references
Result: NOTE
    Undeclared package ‘tm’ in Rd xrefs
Flavor: r-devel-linux-x86_64-fedora-clang