CRAN Package Check Results for Package ldsep

Last updated on 2022-01-20 04:52:56 CET.

Flavor Version Tinstall Tcheck Ttotal Status Flags
r-devel-linux-x86_64-debian-clang 2.1.2 OK
r-devel-linux-x86_64-debian-gcc 2.1.2 95.42 89.13 184.55 OK
r-devel-linux-x86_64-fedora-clang 2.1.2 363.28 NOTE
r-devel-linux-x86_64-fedora-gcc 2.1.2 316.31 OK
r-devel-windows-x86_64-new-UL 2.1.2 141.00 182.00 323.00 OK
r-devel-windows-x86_64-new-TK 2.1.2 OK
r-patched-linux-x86_64 2.1.2 115.56 120.06 235.62 OK
r-release-linux-x86_64 2.1.2 OK
r-release-macos-arm64 2.1.2 NOTE
r-release-macos-x86_64 2.1.2 NOTE
r-release-windows-ix86+x86_64 2.1.2 320.00 207.00 527.00 OK
r-oldrel-macos-x86_64 2.1.2 NOTE
r-oldrel-windows-ix86+x86_64 2.1.2 318.00 219.00 537.00 OK

Check Details

Version: 2.1.2
Check: installed package size
Result: NOTE
     installed size is 5.2Mb
     sub-directories of 1Mb or more:
     libs 4.4Mb
Flavors: r-devel-linux-x86_64-fedora-clang, r-release-macos-arm64, r-release-macos-x86_64, r-oldrel-macos-x86_64

Version: 2.1.2
Check: package dependencies
Result: NOTE
    Package suggested but not available for checking: ‘VariantAnnotation’
Flavor: r-release-macos-arm64