CRAN Package Check Results for Package leaflet.extras

Last updated on 2024-02-28 02:58:08 CET.

Flavor Version Tinstall Tcheck Ttotal Status Flags
r-devel-linux-x86_64-debian-clang 1.0.0 5.39 41.50 46.89 NOTE
r-devel-linux-x86_64-debian-gcc 1.0.0 4.37 31.61 35.98 NOTE
r-devel-linux-x86_64-fedora-clang 1.0.0 56.77 NOTE
r-devel-linux-x86_64-fedora-gcc 1.0.0 55.94 NOTE
r-devel-windows-x86_64 1.0.0 7.00 58.00 65.00 NOTE
r-patched-linux-x86_64 1.0.0 13.04 40.24 53.28 NOTE
r-release-linux-x86_64 1.0.0 3.38 40.19 43.57 NOTE
r-release-macos-arm64 1.0.0 24.00 NOTE
r-release-macos-x86_64 1.0.0 32.00 NOTE
r-release-windows-x86_64 1.0.0 10.00 62.00 72.00 NOTE
r-oldrel-macos-arm64 1.0.0 22.00 NOTE
r-oldrel-windows-x86_64 1.0.0 10.00 62.00 72.00 NOTE

Check Details

Version: 1.0.0
Check: Rd files
Result: NOTE checkRd: (-1) search-options.Rd:23: Lost braces; missing escapes or markup? 23 | \item{url}{url for search by ajax request, ex: "search.php?q={s}". Can be function that returns string for dynamic parameter setting.} | ^ Flavors: r-devel-linux-x86_64-debian-clang, r-devel-linux-x86_64-debian-gcc, r-devel-linux-x86_64-fedora-clang, r-devel-linux-x86_64-fedora-gcc

Version: 1.0.0
Check: LazyData
Result: NOTE 'LazyData' is specified without a 'data' directory Flavors: r-devel-linux-x86_64-debian-clang, r-devel-linux-x86_64-debian-gcc, r-devel-linux-x86_64-fedora-clang, r-devel-linux-x86_64-fedora-gcc, r-devel-windows-x86_64, r-patched-linux-x86_64, r-release-linux-x86_64, r-release-macos-arm64, r-release-macos-x86_64, r-release-windows-x86_64, r-oldrel-macos-arm64, r-oldrel-windows-x86_64