CRAN Package Check Results for Package leaflet.extras2

Last updated on 2021-04-16 11:51:17 CEST.

Flavor Version Tinstall Tcheck Ttotal Status Flags
r-devel-linux-x86_64-debian-clang 1.1.0 4.80 43.56 48.36 OK
r-devel-linux-x86_64-debian-gcc 1.1.0 3.40 34.09 37.49 OK
r-devel-linux-x86_64-fedora-clang 1.1.0 69.53 NOTE
r-devel-linux-x86_64-fedora-gcc 1.1.0 56.49 OK
r-devel-windows-ix86+x86_64 1.1.0 11.00 65.00 76.00 OK
r-devel-windows-x86_64-gcc10-UCRT 1.1.0 OK
r-patched-linux-x86_64 1.1.0 4.54 42.43 46.97 OK
r-patched-solaris-x86 1.1.0 87.60 OK
r-release-linux-x86_64 1.1.0 3.88 42.32 46.20 OK
r-release-macos-x86_64 1.1.0 OK
r-release-windows-ix86+x86_64 1.1.0 10.00 63.00 73.00 OK
r-oldrel-macos-x86_64 1.1.0 OK
r-oldrel-windows-ix86+x86_64 1.1.0 6.00 60.00 66.00 OK

Check Details

Version: 1.1.0
Check: Rd cross-references
Result: NOTE
    Undeclared package ‘htmlwidgets’ in Rd xrefs
Flavor: r-devel-linux-x86_64-fedora-clang