CRAN Package Check Results for Package leafpop

Last updated on 2019-09-24 08:50:52 CEST.

Flavor Version Tinstall Tcheck Ttotal Status Flags
r-devel-linux-x86_64-debian-clang 0.0.1 16.78 21.42 38.20 OK
r-devel-linux-x86_64-debian-gcc 0.0.1 13.90 16.99 30.89 OK
r-devel-linux-x86_64-fedora-clang 0.0.1 55.54 NOTE
r-devel-linux-x86_64-fedora-gcc 0.0.1 53.19 NOTE
r-devel-windows-ix86+x86_64 0.0.1 53.00 68.00 121.00 OK
r-patched-linux-x86_64 0.0.1 16.80 20.10 36.90 OK
r-patched-solaris-x86 0.0.1 62.70 NOTE
r-release-linux-x86_64 0.0.1 17.04 20.74 37.78 OK
r-release-windows-ix86+x86_64 0.0.1 42.00 67.00 109.00 OK
r-release-osx-x86_64 0.0.1 NOTE
r-oldrel-windows-ix86+x86_64 0.0.1 34.00 48.00 82.00 OK
r-oldrel-osx-x86_64 0.0.1 NOTE

Check Details

Version: 0.0.1
Check: dependencies in R code
Result: NOTE
    Namespace in Imports field not imported from: ‘Rcpp’
     All declared Imports should be used.
Flavors: r-devel-linux-x86_64-fedora-clang, r-devel-linux-x86_64-fedora-gcc, r-patched-solaris-x86, r-release-osx-x86_64, r-oldrel-osx-x86_64