CRAN Package Check Results for Package leafsync

Last updated on 2019-09-22 11:46:18 CEST.

Flavor Version Tinstall Tcheck Ttotal Status Flags
r-devel-linux-x86_64-debian-clang 0.1.0 1.81 18.22 20.03 OK
r-devel-linux-x86_64-debian-gcc 0.1.0 1.65 14.97 16.62 OK
r-devel-linux-x86_64-fedora-clang 0.1.0 25.02 NOTE
r-devel-linux-x86_64-fedora-gcc 0.1.0 24.92 NOTE
r-devel-windows-ix86+x86_64 0.1.0 10.00 34.00 44.00 OK
r-patched-linux-x86_64 0.1.0 1.65 17.70 19.35 OK
r-patched-solaris-x86 0.1.0 39.10 NOTE
r-release-linux-x86_64 0.1.0 1.49 17.94 19.43 OK
r-release-windows-ix86+x86_64 0.1.0 4.00 33.00 37.00 OK
r-release-osx-x86_64 0.1.0 NOTE
r-oldrel-windows-ix86+x86_64 0.1.0 3.00 30.00 33.00 OK
r-oldrel-osx-x86_64 0.1.0 NOTE

Check Details

Version: 0.1.0
Check: dependencies in R code
Result: NOTE
    Namespace in Imports field not imported from: ‘leaflet’
     All declared Imports should be used.
Flavors: r-devel-linux-x86_64-fedora-clang, r-devel-linux-x86_64-fedora-gcc, r-patched-solaris-x86, r-release-osx-x86_64, r-oldrel-osx-x86_64