CRAN Package Check Results for Package learningtower

Last updated on 2022-01-28 07:51:25 CET.

Flavor Version Tinstall Tcheck Ttotal Status Flags
r-devel-linux-x86_64-debian-clang 1.0.0 4.44 107.27 111.71 OK
r-devel-linux-x86_64-debian-gcc 1.0.0 3.67 87.67 91.34 OK
r-devel-linux-x86_64-fedora-clang 1.0.0 133.54 NOTE
r-devel-linux-x86_64-fedora-gcc 1.0.0 121.64 NOTE
r-devel-windows-x86_64-new-UL 1.0.0 63.00 181.00 244.00 OK
r-devel-windows-x86_64-new-TK 1.0.0 NOTE
r-patched-linux-x86_64 1.0.0 3.17 107.52 110.69 OK
r-release-linux-x86_64 1.0.0 3.21 105.42 108.63 OK
r-release-macos-arm64 1.0.0 NOTE
r-release-macos-x86_64 1.0.0 NOTE
r-release-windows-ix86+x86_64 1.0.0 11.00 128.00 139.00 OK
r-oldrel-macos-x86_64 1.0.0 NOTE
r-oldrel-windows-ix86+x86_64 1.0.0 11.00 134.00 145.00 OK

Check Details

Version: 1.0.0
Check: data for non-ASCII characters
Result: NOTE
     Note: found 1 marked UTF-8 string
Flavors: r-devel-linux-x86_64-fedora-clang, r-devel-linux-x86_64-fedora-gcc, r-devel-windows-x86_64-new-TK, r-release-macos-arm64, r-release-macos-x86_64, r-oldrel-macos-x86_64