CRAN Package Check Results for Package lefse

Last updated on 2019-09-22 14:47:31 CEST.

Flavor Version Tinstall Tcheck Ttotal Status Flags
r-devel-linux-x86_64-debian-clang 0.1 9.52 80.49 90.01 NOTE
r-devel-linux-x86_64-debian-gcc 0.1 9.07 65.04 74.11 NOTE
r-devel-linux-x86_64-fedora-clang 0.1 108.57 NOTE
r-devel-linux-x86_64-fedora-gcc 0.1 107.99 NOTE
r-devel-windows-ix86+x86_64 0.1 27.00 128.00 155.00 NOTE
r-patched-linux-x86_64 0.1 9.11 78.58 87.69 NOTE
r-patched-solaris-x86 0.1 165.00 NOTE
r-release-linux-x86_64 0.1 9.75 78.84 88.59 NOTE
r-release-windows-ix86+x86_64 0.1 17.00 86.00 103.00 NOTE
r-release-osx-x86_64 0.1 NOTE
r-oldrel-windows-ix86+x86_64 0.1 12.00 90.00 102.00 NOTE
r-oldrel-osx-x86_64 0.1 NOTE

Check Details

Version: 0.1
Check: R code for possible problems
Result: NOTE
    Fmntd.a : Fmntd.a.sub: no visible global function definition for
     'weighted.mean'
    Fmpd : Fmpd.sub: no visible global function definition for 'as.dist'
    Fmpd.a : Fmpd.a.sub: no visible global function definition for
     'weighted.mean'
    Fsntd : Fsntd.sub: no visible global function definition for 'sd'
    com.trait.moments : skewness: no visible global function definition for
     'var'
    com.trait.moments : kurtosis: no visible global function definition for
     'var'
    com.trait.moments : sd.funk: no visible global function definition for
     'sd'
    com.trait.weighted : weight.mean.funk: no visible global function
     definition for 'weighted.mean'
    Undefined global functions or variables:
     as.dist sd var weighted.mean
    Consider adding
     importFrom("stats", "as.dist", "sd", "var", "weighted.mean")
    to your NAMESPACE file.
Flavors: r-devel-linux-x86_64-debian-clang, r-devel-linux-x86_64-debian-gcc, r-devel-linux-x86_64-fedora-clang, r-devel-linux-x86_64-fedora-gcc, r-devel-windows-ix86+x86_64, r-patched-linux-x86_64, r-patched-solaris-x86, r-release-linux-x86_64, r-release-windows-ix86+x86_64, r-release-osx-x86_64, r-oldrel-windows-ix86+x86_64, r-oldrel-osx-x86_64