CRAN Package Check Results for Package lemon

Last updated on 2019-09-23 19:47:30 CEST.

Flavor Version Tinstall Tcheck Ttotal Status Flags
r-devel-linux-x86_64-debian-clang 0.4.3 8.79 158.84 167.63 NOTE
r-devel-linux-x86_64-debian-gcc 0.4.3 7.88 115.94 123.82 NOTE
r-devel-linux-x86_64-fedora-clang 0.4.3 190.24 NOTE
r-devel-linux-x86_64-fedora-gcc 0.4.3 190.86 NOTE
r-devel-windows-ix86+x86_64 0.4.3 29.00 232.00 261.00 OK
r-patched-linux-x86_64 0.4.3 7.80 151.48 159.28 OK
r-patched-solaris-x86 0.4.3 254.00 OK
r-release-linux-x86_64 0.4.3 8.73 150.84 159.57 OK
r-release-windows-ix86+x86_64 0.4.3 32.00 225.00 257.00 OK
r-release-osx-x86_64 0.4.3 OK
r-oldrel-windows-ix86+x86_64 0.4.3 12.00 157.00 169.00 WARN
r-oldrel-osx-x86_64 0.4.3 OK

Check Details

Version: 0.4.3
Check: for non-standard things in the check directory
Result: NOTE
    Found the following files/directories:
     'data' 'rawdata' 'results' 'tmp.Rdata'
Flavors: r-devel-linux-x86_64-debian-clang, r-devel-linux-x86_64-debian-gcc, r-devel-linux-x86_64-fedora-clang, r-devel-linux-x86_64-fedora-gcc

Version: 0.4.3
Check: whether package can be installed
Result: WARN
    Found the following significant warnings:
     Warning: S3 methods '[.fun_list', '[.grouped_df', 'all.equal.tbl_df', 'anti_join.data.frame', 'anti_join.tbl_df', 'arrange.data.frame', 'arrange.default', 'arrange.grouped_df', 'arrange.tbl_df', 'arrange_.data.frame', 'arrange_.tbl_df', 'as.data.frame.grouped_df', 'as.data.frame.rowwise_df', 'as.data.frame.tbl_cube', 'as.table.tbl_cube', 'as.tbl.data.frame', 'as.tbl.tbl', 'as.tbl_cube.array', 'as.tbl_cube.data.frame', 'as.tbl_cube.matrix', 'as.tbl_cube.table', 'as_tibble.grouped_df', 'as_tibble.tbl_cube', 'auto_copy.tbl_cube', 'auto_copy.tbl_df', 'cbind.grouped_df', 'collapse.data.frame', 'collect.data.frame', 'common_by.NULL', 'common_by.character', 'common_by.default', 'common_by.list', 'compute.data.frame', 'copy_to.DBIConnection', 'copy_to.src_local', 'default_missing.data.frame', 'default_missing.default', 'dim.tbl_cube', 'distinct.data.frame', 'distinct.default', 'distinct.grouped_df', 'distinct.tbl_df', 'distinct_.data.frame', 'distinct_.grouped_df', 'distinct_.tbl_df', 'do.NULL', 'do.da [... truncated]
Flavor: r-oldrel-windows-ix86+x86_64