Last updated on 2025-01-21 18:49:43 CET.
Flavor | Version | Tinstall | Tcheck | Ttotal | Status | Flags |
---|---|---|---|---|---|---|
r-devel-linux-x86_64-debian-clang | 1.5.5 | 440.71 | 257.88 | 698.59 | NOTE | |
r-devel-linux-x86_64-debian-gcc | 1.5.5 | 328.69 | 173.44 | 502.13 | NOTE | |
r-devel-linux-x86_64-fedora-clang | 1.5.5 | 1259.59 | OK | |||
r-devel-linux-x86_64-fedora-gcc | 1.5.5 | 1430.41 | OK | |||
r-devel-windows-x86_64 | 1.5.5 | 440.00 | 335.00 | 775.00 | NOTE | |
r-patched-linux-x86_64 | 1.5.5 | 470.51 | 255.47 | 725.98 | NOTE | |
r-release-linux-x86_64 | 1.5.5 | 464.44 | 255.04 | 719.48 | NOTE | |
r-release-macos-arm64 | 1.5.5 | 309.00 | NOTE | |||
r-release-macos-x86_64 | 1.5.5 | 342.00 | NOTE | |||
r-release-windows-x86_64 | 1.5.5 | 458.00 | 339.00 | 797.00 | NOTE | |
r-oldrel-macos-arm64 | 1.5.5 | 305.00 | NOTE | |||
r-oldrel-macos-x86_64 | 1.5.5 | 414.00 | NOTE | |||
r-oldrel-windows-x86_64 | 1.5.5 | 517.00 | 416.00 | 933.00 | NOTE |
Version: 1.5.5
Check: Rd cross-references
Result: NOTE
Found the following Rd file(s) with Rd \link{} targets missing package
anchors:
lessSEM.Rd: Stat
Please provide package anchors for all Rd \link{} targets not in the
package itself and the base packages.
Flavors: r-devel-linux-x86_64-debian-clang, r-devel-linux-x86_64-debian-gcc, r-devel-windows-x86_64
Version: 1.5.5
Check: for GNU extensions in Makefiles
Result: NOTE
GNU make is a SystemRequirements.
Flavors: r-patched-linux-x86_64, r-release-linux-x86_64, r-release-macos-arm64, r-release-macos-x86_64, r-release-windows-x86_64, r-oldrel-macos-arm64, r-oldrel-macos-x86_64, r-oldrel-windows-x86_64
Version: 1.5.5
Check: installed package size
Result: NOTE
installed size is 46.2Mb
sub-directories of 1Mb or more:
help 1.1Mb
libs 43.3Mb
Flavors: r-release-macos-arm64, r-release-macos-x86_64, r-release-windows-x86_64, r-oldrel-macos-arm64, r-oldrel-macos-x86_64, r-oldrel-windows-x86_64