CRAN Package Check Results for Package lgarch

Last updated on 2019-09-22 22:46:50 CEST.

Flavor Version Tinstall Tcheck Ttotal Status Flags
r-devel-linux-x86_64-debian-clang 0.6-2 4.53 29.75 34.28 OK
r-devel-linux-x86_64-debian-gcc 0.6-2 3.38 24.34 27.72 OK
r-devel-linux-x86_64-fedora-clang 0.6-2 41.78 NOTE
r-devel-linux-x86_64-fedora-gcc 0.6-2 40.48 NOTE
r-devel-windows-ix86+x86_64 0.6-2 13.00 73.00 86.00 OK
r-patched-linux-x86_64 0.6-2 4.08 29.60 33.68 OK
r-patched-solaris-x86 0.6-2 59.90 OK
r-release-linux-x86_64 0.6-2 4.31 29.43 33.74 OK
r-release-windows-ix86+x86_64 0.6-2 14.00 76.00 90.00 OK
r-release-osx-x86_64 0.6-2 OK
r-oldrel-windows-ix86+x86_64 0.6-2 8.00 50.00 58.00 OK
r-oldrel-osx-x86_64 0.6-2 OK

Check Details

Version: 0.6-2
Check: compiled code
Result: NOTE
    File ‘lgarch/libs/lgarch.so’:
     Found no calls to: ‘R_registerRoutines’, ‘R_useDynamicSymbols’
    
    It is good practice to register native routines and to disable symbol
    search.
    
    See ‘Writing portable packages’ in the ‘Writing R Extensions’ manual.
Flavors: r-devel-linux-x86_64-fedora-clang, r-devel-linux-x86_64-fedora-gcc