CRAN Package Check Results for Package lgarch

Last updated on 2019-06-19 04:47:21 CEST.

Flavor Version Tinstall Tcheck Ttotal Status Flags
r-devel-linux-x86_64-debian-clang 0.6-2 4.62 30.71 35.33 OK
r-devel-linux-x86_64-debian-gcc 0.6-2 3.41 25.37 28.78 OK
r-devel-linux-x86_64-fedora-clang 0.6-2 41.25 NOTE
r-devel-linux-x86_64-fedora-gcc 0.6-2 39.79 NOTE
r-devel-windows-ix86+x86_64 0.6-2 11.00 72.00 83.00 OK
r-patched-linux-x86_64 0.6-2 3.71 30.19 33.90 OK
r-patched-solaris-x86 0.6-2 61.60 OK
r-release-linux-x86_64 0.6-2 4.18 30.19 34.37 OK
r-release-windows-ix86+x86_64 0.6-2 16.00 70.00 86.00 OK
r-release-osx-x86_64 0.6-2 OK
r-oldrel-windows-ix86+x86_64 0.6-2 7.00 69.00 76.00 OK
r-oldrel-osx-x86_64 0.6-2 OK

Check Details

Version: 0.6-2
Check: compiled code
Result: NOTE
    File ‘lgarch/libs/lgarch.so’:
     Found no calls to: ‘R_registerRoutines’, ‘R_useDynamicSymbols’
    
    It is good practice to register native routines and to disable symbol
    search.
    
    See ‘Writing portable packages’ in the ‘Writing R Extensions’ manual.
Flavors: r-devel-linux-x86_64-fedora-clang, r-devel-linux-x86_64-fedora-gcc