CRAN Package Check Results for Package lgcp

Last updated on 2020-11-29 05:47:23 CET.

Flavor Version Tinstall Tcheck Ttotal Status Flags
r-devel-linux-x86_64-debian-clang 1.6 55.33 320.48 375.81 OK
r-devel-linux-x86_64-debian-gcc 1.6 35.11 243.93 279.04 OK
r-devel-linux-x86_64-fedora-clang 1.6 463.88 OK
r-devel-linux-x86_64-fedora-gcc 1.6 461.74 OK
r-devel-windows-ix86+x86_64 1.6 76.00 279.00 355.00 OK
r-patched-linux-x86_64 1.6 52.91 322.12 375.03 OK
r-patched-solaris-x86 1.6 604.70 OK
r-release-linux-x86_64 1.6 47.35 316.18 363.53 OK
r-release-macos-x86_64 1.6 ERROR
r-release-windows-ix86+x86_64 1.6 80.00 290.00 370.00 OK
r-oldrel-macos-x86_64 1.6 ERROR
r-oldrel-windows-ix86+x86_64 1.6 75.00 358.00 433.00 OK

Check Details

Version: 1.6
Check: package dependencies
Result: ERROR
    Package required but not available: ‘rpanel’
    
    See section ‘The DESCRIPTION file’ in the ‘Writing R Extensions’
    manual.
Flavors: r-release-macos-x86_64, r-oldrel-macos-x86_64