CRAN Package Check Results for Package lgpr

Last updated on 2025-01-21 17:49:19 CET.

Flavor Version Tinstall Tcheck Ttotal Status Flags
r-devel-linux-x86_64-debian-clang 1.2.4 485.21 212.99 698.20 NOTE
r-devel-linux-x86_64-debian-gcc 1.2.4 469.87 192.13 662.00 NOTE
r-devel-linux-x86_64-fedora-clang 1.2.4 1109.18 NOTE
r-devel-linux-x86_64-fedora-gcc 1.2.4 1548.24 NOTE
r-devel-windows-x86_64 1.2.4 464.00 265.00 729.00 NOTE
r-patched-linux-x86_64 1.2.4 508.79 251.22 760.01 NOTE
r-release-linux-x86_64 1.2.4 588.23 252.58 840.81 NOTE
r-release-macos-arm64 1.2.4 282.00 NOTE
r-release-macos-x86_64 1.2.4 350.00 NOTE
r-release-windows-x86_64 1.2.4 464.00 267.00 731.00 NOTE
r-oldrel-macos-arm64 1.2.4 350.00 NOTE
r-oldrel-macos-x86_64 1.2.4 628.00 NOTE
r-oldrel-windows-x86_64 1.2.4 640.00 326.00 966.00 NOTE

Check Details

Version: 1.2.4
Check: Rd files
Result: NOTE checkRd: (-1) prior_to_num.Rd:13: Lost braces; missing escapes or markup? 13 | {'uniform', 'normal', 'student-t', 'gamma', 'inv-gamma', 'log-normal'} | ^ Flavors: r-devel-linux-x86_64-debian-clang, r-devel-linux-x86_64-debian-gcc, r-devel-linux-x86_64-fedora-clang, r-devel-linux-x86_64-fedora-gcc, r-devel-windows-x86_64, r-patched-linux-x86_64, r-release-linux-x86_64, r-release-macos-arm64, r-release-macos-x86_64, r-release-windows-x86_64

Version: 1.2.4
Check: for GNU extensions in Makefiles
Result: NOTE GNU make is a SystemRequirements. Flavors: r-patched-linux-x86_64, r-release-linux-x86_64, r-release-macos-arm64, r-release-macos-x86_64, r-release-windows-x86_64, r-oldrel-macos-arm64, r-oldrel-macos-x86_64, r-oldrel-windows-x86_64

Version: 1.2.4
Check: installed package size
Result: NOTE installed size is 115.6Mb sub-directories of 1Mb or more: libs 114.3Mb Flavors: r-release-macos-arm64, r-release-macos-x86_64, r-release-windows-x86_64, r-oldrel-macos-arm64, r-oldrel-macos-x86_64, r-oldrel-windows-x86_64