Last updated on 2023-05-31 23:27:23 CEST.
Flavor | Version | Tinstall | Tcheck | Ttotal | Status | Flags |
---|---|---|---|---|---|---|
r-devel-linux-x86_64-debian-clang | 0.2.0 | 2.64 | 25.81 | 28.45 | NOTE | |
r-devel-linux-x86_64-debian-gcc | 0.2.0 | 2.05 | 20.04 | 22.09 | NOTE | |
r-devel-linux-x86_64-fedora-clang | 0.2.0 | 35.85 | NOTE | |||
r-devel-linux-x86_64-fedora-gcc | 0.2.0 | 34.15 | NOTE | |||
r-devel-windows-x86_64 | 0.2.0 | 5.00 | 45.00 | 50.00 | NOTE | |
r-patched-linux-x86_64 | 0.2.0 | NOTE | ||||
r-release-linux-x86_64 | 0.2.0 | 2.54 | 25.46 | 28.00 | NOTE | |
r-release-macos-arm64 | 0.2.0 | 18.00 | NOTE | |||
r-release-macos-x86_64 | 0.2.0 | 23.00 | NOTE | |||
r-release-windows-x86_64 | 0.2.0 | 5.00 | 45.00 | 50.00 | NOTE | |
r-oldrel-macos-arm64 | 0.2.0 | 18.00 | NOTE | |||
r-oldrel-macos-x86_64 | 0.2.0 | 23.00 | NOTE | |||
r-oldrel-windows-x86_64 | 0.2.0 | 5.00 | 46.00 | 51.00 | NOTE |
Version: 0.2.0
Check: LazyData
Result: NOTE
'LazyData' is specified without a 'data' directory
Flavors: r-devel-linux-x86_64-debian-clang, r-devel-linux-x86_64-debian-gcc, r-devel-linux-x86_64-fedora-clang, r-devel-linux-x86_64-fedora-gcc, r-devel-windows-x86_64, r-patched-linux-x86_64, r-release-linux-x86_64, r-release-macos-arm64, r-release-macos-x86_64, r-release-windows-x86_64, r-oldrel-macos-arm64, r-oldrel-macos-x86_64, r-oldrel-windows-x86_64
Version: 0.2.0
Check: dependencies in R code
Result: NOTE
Namespaces in Imports field not imported from:
‘curl’ ‘jsonlite’
All declared Imports should be used.
Flavors: r-devel-linux-x86_64-fedora-clang, r-devel-linux-x86_64-fedora-gcc, r-oldrel-macos-arm64, r-oldrel-macos-x86_64