CRAN Package Check Results for Package likeLTD

Last updated on 2021-03-08 08:48:32 CET.

Flavor Version Tinstall Tcheck Ttotal Status Flags
r-devel-linux-x86_64-debian-clang 6.3.0 26.77 130.00 156.77 OK
r-devel-linux-x86_64-debian-gcc 6.3.0 20.06 91.32 111.38 OK
r-devel-linux-x86_64-fedora-clang 6.3.0 202.01 OK
r-devel-linux-x86_64-fedora-gcc 6.3.0 183.89 OK
r-devel-windows-ix86+x86_64 6.3.0 49.00 161.00 210.00 OK
r-devel-windows-x86_64-gcc10-UCRT 6.3.0 OK
r-patched-linux-x86_64 6.3.0 26.09 115.60 141.69 OK
r-patched-solaris-x86 6.3.0 218.40 OK
r-release-linux-x86_64 6.3.0 26.13 115.36 141.49 OK
r-release-macos-x86_64 6.3.0 OK
r-release-windows-ix86+x86_64 6.3.0 40.00 119.00 159.00 OK
r-oldrel-macos-x86_64 6.3.0 FAIL
r-oldrel-windows-ix86+x86_64 6.3.0 32.00 113.00 145.00 OK

Check Details

Version: 6.3.0
Check: whether package can be installed
Result: FAIL
Flavor: r-oldrel-macos-x86_64