Last updated on 2023-03-30 08:53:41 CEST.
Flavor | Version | Tinstall | Tcheck | Ttotal | Status | Flags |
---|---|---|---|---|---|---|
r-devel-linux-x86_64-debian-clang | 0.2.10 | 6.89 | 89.38 | 96.27 | OK | |
r-devel-linux-x86_64-debian-gcc | 0.2.10 | 4.84 | 71.42 | 76.26 | OK | |
r-devel-linux-x86_64-fedora-clang | 0.2.10 | 121.45 | NOTE | |||
r-devel-linux-x86_64-fedora-gcc | 0.2.10 | 117.69 | NOTE | |||
r-devel-windows-x86_64 | 0.2.10 | 20.00 | 0.00 | 20.00 | OK | |
r-patched-linux-x86_64 | 0.2.10 | 6.29 | 87.14 | 93.43 | OK | |
r-release-linux-x86_64 | 0.2.10 | 6.01 | 87.40 | 93.41 | OK | |
r-release-macos-arm64 | 0.2.10 | 38.00 | OK | |||
r-release-macos-x86_64 | 0.2.10 | 54.00 | OK | |||
r-release-windows-x86_64 | 0.2.10 | 19.00 | 131.00 | 150.00 | OK | |
r-oldrel-macos-arm64 | 0.2.10 | 41.00 | OK | |||
r-oldrel-macos-x86_64 | 0.2.10 | 57.00 | OK | |||
r-oldrel-windows-ix86+x86_64 | 0.2.10 | 13.00 | 126.00 | 139.00 | OK |
Version: 0.2.10
Check: dependencies in R code
Result: NOTE
Namespace in Imports field not imported from: ‘ddpcr’
All declared Imports should be used.
Flavors: r-devel-linux-x86_64-fedora-clang, r-devel-linux-x86_64-fedora-gcc