CRAN Package Check Results for Package liminal

Last updated on 2025-01-17 21:49:34 CET.

Flavor Version Tinstall Tcheck Ttotal Status Flags
r-devel-linux-x86_64-debian-clang 0.1.2 5.54 70.97 76.51 NOTE
r-devel-linux-x86_64-debian-gcc 0.1.2 3.65 55.14 58.79 NOTE
r-devel-linux-x86_64-fedora-clang 0.1.2 127.29 OK
r-devel-linux-x86_64-fedora-gcc 0.1.2 137.86 OK
r-devel-windows-x86_64 0.1.2 7.00 98.00 105.00 NOTE
r-patched-linux-x86_64 0.1.2 10.02 70.28 80.30 OK
r-release-linux-x86_64 0.1.2 5.39 70.29 75.68 OK
r-release-macos-arm64 0.1.2 51.00 OK
r-release-macos-x86_64 0.1.2 92.00 OK
r-release-windows-x86_64 0.1.2 7.00 100.00 107.00 OK
r-oldrel-macos-arm64 0.1.2 57.00 OK
r-oldrel-macos-x86_64 0.1.2 78.00 OK
r-oldrel-windows-x86_64 0.1.2 7.00 109.00 116.00 OK

Check Details

Version: 0.1.2
Check: Rd cross-references
Result: NOTE Found the following Rd file(s) with Rd \link{} targets missing package anchors: morphs.Rd: tourr Please provide package anchors for all Rd \link{} targets not in the package itself and the base packages. Flavors: r-devel-linux-x86_64-debian-clang, r-devel-linux-x86_64-debian-gcc, r-devel-windows-x86_64