Last updated on 2023-06-06 05:55:14 CEST.
Flavor | Version | Tinstall | Tcheck | Ttotal | Status | Flags |
---|---|---|---|---|---|---|
r-devel-linux-x86_64-debian-clang | 1.0.5 | 54.67 | 113.41 | 168.08 | NOTE | |
r-devel-linux-x86_64-debian-gcc | 1.0.5 | 42.79 | 86.07 | 128.86 | NOTE | |
r-devel-linux-x86_64-fedora-clang | 1.0.5 | 221.78 | NOTE | |||
r-devel-linux-x86_64-fedora-gcc | 1.0.5 | 227.26 | NOTE | |||
r-devel-windows-x86_64 | 1.0.5 | 46.00 | 128.00 | 174.00 | NOTE | |
r-patched-linux-x86_64 | 1.0.5 | 47.69 | 107.95 | 155.64 | NOTE | |
r-release-linux-x86_64 | 1.0.5 | 47.04 | 106.65 | 153.69 | NOTE | |
r-release-macos-arm64 | 1.0.5 | 63.00 | NOTE | |||
r-release-macos-x86_64 | 1.0.5 | 104.00 | NOTE | |||
r-release-windows-x86_64 | 1.0.5 | 62.00 | 151.00 | 213.00 | NOTE | |
r-oldrel-macos-arm64 | 1.0.5 | 63.00 | OK | |||
r-oldrel-macos-x86_64 | 1.0.5 | 76.00 | OK | |||
r-oldrel-windows-x86_64 | 1.0.5 | 59.00 | 137.00 | 196.00 | OK |
Version: 1.0.5
Check: C++ specification
Result: NOTE
Specified C++11: please drop specification unless essential
Flavors: r-devel-linux-x86_64-debian-clang, r-devel-linux-x86_64-debian-gcc, r-devel-linux-x86_64-fedora-clang, r-devel-linux-x86_64-fedora-gcc, r-devel-windows-x86_64, r-patched-linux-x86_64, r-release-linux-x86_64, r-release-macos-arm64, r-release-macos-x86_64, r-release-windows-x86_64