Last updated on 2019-12-14 22:48:57 CET.
Flavor | Version | Tinstall | Tcheck | Ttotal | Status | Flags |
---|---|---|---|---|---|---|
r-devel-linux-x86_64-debian-clang | 1.1-21 | 96.47 | 727.86 | 824.33 | OK | |
r-devel-linux-x86_64-debian-gcc | 1.1-21 | 79.06 | 539.29 | 618.35 | OK | |
r-devel-linux-x86_64-fedora-clang | 1.1-21 | 983.01 | NOTE | |||
r-devel-linux-x86_64-fedora-gcc | 1.1-21 | 975.43 | OK | |||
r-devel-windows-ix86+x86_64 | 1.1-21 | 156.00 | 1664.00 | 1820.00 | NOTE | |
r-devel-windows-ix86+x86_64-gcc8 | 1.1-21 | 179.00 | 1694.00 | 1873.00 | NOTE | |
r-patched-linux-x86_64 | 1.1-21 | 81.83 | 657.66 | 739.49 | OK | |
r-patched-solaris-x86 | 1.1-21 | 1235.40 | NOTE | |||
r-release-linux-x86_64 | 1.1-21 | 83.34 | 652.42 | 735.76 | OK | |
r-release-windows-ix86+x86_64 | 1.1-21 | 151.00 | 1262.00 | 1413.00 | NOTE | |
r-release-osx-x86_64 | 1.1-21 | NOTE | ||||
r-oldrel-windows-ix86+x86_64 | 1.1-21 | 148.00 | 1279.00 | 1427.00 | NOTE | |
r-oldrel-osx-x86_64 | 1.1-21 | NOTE |
Version: 1.1-21
Check: installed package size
Result: NOTE
installed size is 26.4Mb
sub-directories of 1Mb or more:
R 1.5Mb
doc 2.4Mb
libs 19.9Mb
testdata 1.6Mb
Flavors: r-devel-linux-x86_64-fedora-clang, r-devel-windows-ix86+x86_64, r-devel-windows-ix86+x86_64-gcc8, r-patched-solaris-x86, r-release-windows-ix86+x86_64, r-release-osx-x86_64, r-oldrel-windows-ix86+x86_64, r-oldrel-osx-x86_64