CRAN Package Check Results for Package lme4

Last updated on 2019-08-20 20:46:42 CEST.

Flavor Version Tinstall Tcheck Ttotal Status Flags
r-devel-linux-x86_64-debian-clang 1.1-21 85.39 693.76 779.15 OK
r-devel-linux-x86_64-debian-gcc 1.1-21 76.27 517.85 594.12 OK
r-devel-linux-x86_64-fedora-clang 1.1-21 932.24 NOTE
r-devel-linux-x86_64-fedora-gcc 1.1-21 905.59 OK
r-devel-windows-ix86+x86_64 1.1-21 148.00 1626.00 1774.00 NOTE
r-patched-linux-x86_64 1.1-21 85.25 672.34 757.59 OK
r-patched-solaris-x86 1.1-21 1277.40 NOTE
r-release-linux-x86_64 1.1-21 83.42 677.22 760.64 OK
r-release-windows-ix86+x86_64 1.1-21 159.00 1210.00 1369.00 NOTE
r-release-osx-x86_64 1.1-21 NOTE
r-oldrel-windows-ix86+x86_64 1.1-21 214.00 1099.00 1313.00 NOTE
r-oldrel-osx-x86_64 1.1-21 NOTE

Additional issues

gcc-UBSAN

Check Details

Version: 1.1-21
Check: installed package size
Result: NOTE
     installed size is 26.3Mb
     sub-directories of 1Mb or more:
     R 1.4Mb
     doc 2.4Mb
     libs 19.9Mb
     testdata 1.6Mb
Flavors: r-devel-linux-x86_64-fedora-clang, r-devel-windows-ix86+x86_64, r-patched-solaris-x86, r-release-windows-ix86+x86_64, r-release-osx-x86_64, r-oldrel-windows-ix86+x86_64, r-oldrel-osx-x86_64