CRAN Package Check Results for Package lmem.qtler

Last updated on 2020-11-25 08:50:39 CET.

Flavor Version Tinstall Tcheck Ttotal Status Flags
r-devel-linux-x86_64-debian-clang 0.1.1 10.84 94.35 105.19 NOTE
r-devel-linux-x86_64-debian-gcc 0.1.1 9.86 72.60 82.46 NOTE
r-devel-linux-x86_64-fedora-clang 0.1.1 131.08 NOTE
r-devel-linux-x86_64-fedora-gcc 0.1.1 124.23 NOTE
r-devel-windows-ix86+x86_64 0.1.1 23.00 103.00 126.00 NOTE
r-patched-linux-x86_64 0.1.1 10.82 88.56 99.38 NOTE
r-patched-solaris-x86 0.1.1 179.20 NOTE
r-release-linux-x86_64 0.1.1 12.29 87.84 100.13 NOTE
r-release-macos-x86_64 0.1.1 NOTE
r-release-windows-ix86+x86_64 0.1.1 24.00 113.00 137.00 NOTE
r-oldrel-macos-x86_64 0.1.1 NOTE
r-oldrel-windows-ix86+x86_64 0.1.1 13.00 106.00 119.00 NOTE

Check Details

Version: 0.1.1
Check: R code for possible problems
Result: NOTE
    mq.diagnostics : mq_missinggenotype_plot: no visible global function
     definition for 'plot.missing'
    Undefined global functions or variables:
     plot.missing
Flavors: r-devel-linux-x86_64-debian-clang, r-devel-linux-x86_64-debian-gcc, r-devel-linux-x86_64-fedora-clang, r-devel-linux-x86_64-fedora-gcc, r-devel-windows-ix86+x86_64, r-patched-linux-x86_64, r-patched-solaris-x86, r-release-linux-x86_64, r-release-macos-x86_64, r-release-windows-ix86+x86_64, r-oldrel-macos-x86_64, r-oldrel-windows-ix86+x86_64

Version: 0.1.1
Check: package vignettes
Result: NOTE
    Package vignette with placeholder title 'Vignette Title':
     'lmem.qtler.Rmd'
Flavors: r-devel-linux-x86_64-debian-clang, r-devel-linux-x86_64-debian-gcc, r-devel-windows-ix86+x86_64, r-patched-linux-x86_64, r-release-linux-x86_64, r-release-windows-ix86+x86_64

Version: 0.1.1
Check: for non-standard things in the check directory
Result: NOTE
    Found the following files/directories:
     'cross.data.file.csv' 'qtl_analysis_reports'
Flavors: r-devel-linux-x86_64-debian-clang, r-devel-linux-x86_64-debian-gcc, r-devel-linux-x86_64-fedora-clang, r-devel-linux-x86_64-fedora-gcc, r-patched-linux-x86_64, r-patched-solaris-x86, r-release-linux-x86_64