CRAN Package Check Results for Package lmenssp

Last updated on 2019-07-22 05:46:55 CEST.

Flavor Version Tinstall Tcheck Ttotal Status Flags
r-devel-linux-x86_64-debian-clang 1.2 16.53 94.36 110.89 OK
r-devel-linux-x86_64-debian-gcc 1.2 14.18 72.55 86.73 OK
r-devel-linux-x86_64-fedora-clang 1.2 135.54 OK
r-devel-linux-x86_64-fedora-gcc 1.2 131.65 OK
r-devel-windows-ix86+x86_64 1.2 19.00 127.00 146.00 OK
r-patched-linux-x86_64 1.2 18.00 93.58 111.58 OK
r-patched-solaris-x86 1.2 209.50 OK
r-release-linux-x86_64 1.2 15.91 93.47 109.38 OK
r-release-windows-ix86+x86_64 1.2 18.00 91.00 109.00 OK
r-release-osx-x86_64 1.2 FAIL
r-oldrel-windows-ix86+x86_64 1.2 20.00 86.00 106.00 OK
r-oldrel-osx-x86_64 1.2 OK

Check Details

Version: 1.2
Check: whether package can be installed
Result: FAIL
    
Flavor: r-release-osx-x86_64