CRAN Package Check Results for Package lmenssp

Last updated on 2019-11-14 00:53:03 CET.

Flavor Version Tinstall Tcheck Ttotal Status Flags
r-devel-linux-x86_64-debian-clang 1.2 16.06 96.71 112.77 OK
r-devel-linux-x86_64-debian-gcc 1.2 14.05 72.69 86.74 OK
r-devel-linux-x86_64-fedora-clang 1.2 145.14 OK
r-devel-linux-x86_64-fedora-gcc 1.2 137.15 OK
r-devel-windows-ix86+x86_64 1.2 27.00 125.00 152.00 OK
r-patched-linux-x86_64 1.2 16.30 93.41 109.71 OK
r-patched-solaris-x86 1.2 189.90 OK
r-release-linux-x86_64 1.2 18.28 95.02 113.30 OK
r-release-windows-ix86+x86_64 1.2 26.00 96.00 122.00 OK
r-release-osx-x86_64 1.2 FAIL
r-oldrel-windows-ix86+x86_64 1.2 16.00 125.00 141.00 OK
r-oldrel-osx-x86_64 1.2 OK

Check Details

Version: 1.2
Check: whether package can be installed
Result: FAIL
    
Flavor: r-release-osx-x86_64