CRAN Package Check Results for Package lmridge

Last updated on 2022-08-16 13:49:20 CEST.

Flavor Version Tinstall Tcheck Ttotal Status Flags
r-devel-linux-x86_64-debian-clang 1.2.1 3.20 40.50 43.70 NOTE
r-devel-linux-x86_64-debian-gcc 1.2.1 2.62 29.82 32.44 NOTE
r-devel-linux-x86_64-fedora-clang 1.2.1 63.69 NOTE
r-devel-linux-x86_64-fedora-gcc 1.2.1 59.58 NOTE
r-devel-windows-x86_64 1.2.1 22.00 62.00 84.00 NOTE
r-patched-linux-x86_64 1.2.1 4.80 37.29 42.09 OK
r-release-linux-x86_64 1.2.1 3.08 37.49 40.57 OK
r-release-macos-arm64 1.2.1 20.00 OK
r-release-macos-x86_64 1.2.1 28.00 OK
r-release-windows-x86_64 1.2.1 10.00 63.00 73.00 OK
r-oldrel-macos-arm64 1.2.1 19.00 OK
r-oldrel-macos-x86_64 1.2.1 30.00 OK
r-oldrel-windows-ix86+x86_64 1.2.1 7.00 49.00 56.00 OK

Check Details

Version: 1.2.1
Check: Rd files
Result: NOTE
    checkRd: (-1) hatr.Rd:30: Escaped LaTeX specials: \&
Flavors: r-devel-linux-x86_64-debian-clang, r-devel-linux-x86_64-debian-gcc, r-devel-linux-x86_64-fedora-clang, r-devel-linux-x86_64-fedora-gcc, r-devel-windows-x86_64