CRAN Package Check Results for Package localICE

Last updated on 2019-07-22 07:50:06 CEST.

Flavor Version Tinstall Tcheck Ttotal Status Flags
r-devel-linux-x86_64-debian-clang 0.1.0 2.72 38.30 41.02 OK
r-devel-linux-x86_64-debian-gcc 0.1.0 2.58 29.64 32.22 OK
r-devel-linux-x86_64-fedora-clang 0.1.0 49.03 NOTE
r-devel-linux-x86_64-fedora-gcc 0.1.0 46.12 NOTE
r-devel-windows-ix86+x86_64 0.1.0 10.00 78.00 88.00 OK
r-patched-linux-x86_64 0.1.0 2.53 36.49 39.02 OK
r-patched-solaris-x86 0.1.0 79.00 NOTE
r-release-linux-x86_64 0.1.0 3.17 36.98 40.15 OK
r-release-windows-ix86+x86_64 0.1.0 11.00 55.00 66.00 OK
r-release-osx-x86_64 0.1.0 NOTE
r-oldrel-windows-ix86+x86_64 0.1.0 10.00 52.00 62.00 OK
r-oldrel-osx-x86_64 0.1.0 NOTE

Check Details

Version: 0.1.0
Check: dependencies in R code
Result: NOTE
    Namespace in Imports field not imported from: ‘checkmate’
     All declared Imports should be used.
Flavors: r-devel-linux-x86_64-fedora-clang, r-devel-linux-x86_64-fedora-gcc, r-patched-solaris-x86, r-release-osx-x86_64, r-oldrel-osx-x86_64