CRAN Package Check Results for Package localICE

Last updated on 2019-11-14 00:53:03 CET.

Flavor Version Tinstall Tcheck Ttotal Status Flags
r-devel-linux-x86_64-debian-clang 0.1.0 3.30 39.40 42.70 OK
r-devel-linux-x86_64-debian-gcc 0.1.0 3.01 30.66 33.67 OK
r-devel-linux-x86_64-fedora-clang 0.1.0 54.67 NOTE
r-devel-linux-x86_64-fedora-gcc 0.1.0 53.04 NOTE
r-devel-windows-ix86+x86_64 0.1.0 20.00 81.00 101.00 OK
r-patched-linux-x86_64 0.1.0 3.11 37.74 40.85 OK
r-patched-solaris-x86 0.1.0 81.40 NOTE
r-release-linux-x86_64 0.1.0 3.04 37.50 40.54 OK
r-release-windows-ix86+x86_64 0.1.0 17.00 78.00 95.00 OK
r-release-osx-x86_64 0.1.0 NOTE
r-oldrel-windows-ix86+x86_64 0.1.0 5.00 73.00 78.00 OK
r-oldrel-osx-x86_64 0.1.0 NOTE

Check Details

Version: 0.1.0
Check: dependencies in R code
Result: NOTE
    Namespace in Imports field not imported from: ‘checkmate’
     All declared Imports should be used.
Flavors: r-devel-linux-x86_64-fedora-clang, r-devel-linux-x86_64-fedora-gcc, r-patched-solaris-x86, r-release-osx-x86_64, r-oldrel-osx-x86_64