CRAN Package Check Results for Package localgauss

Last updated on 2020-01-22 19:47:54 CET.

Flavor Version Tinstall Tcheck Ttotal Status Flags
r-devel-linux-x86_64-debian-clang 0.40 4.61 21.60 26.21 OK
r-devel-linux-x86_64-debian-gcc 0.40 3.78 17.69 21.47 OK
r-devel-linux-x86_64-fedora-clang 0.40 33.36 NOTE
r-devel-linux-x86_64-fedora-gcc 0.40 32.49 NOTE
r-devel-windows-ix86+x86_64 0.40 16.00 49.00 65.00 OK
r-devel-windows-ix86+x86_64-gcc8 0.40 20.00 69.00 89.00 OK
r-patched-linux-x86_64 0.40 4.01 20.33 24.34 OK
r-patched-solaris-x86 0.40 53.70 OK
r-release-linux-x86_64 0.40 3.07 20.31 23.38 OK
r-release-windows-ix86+x86_64 0.40 18.00 67.00 85.00 OK
r-release-osx-x86_64 0.40 OK
r-oldrel-windows-ix86+x86_64 0.40 12.00 48.00 60.00 OK
r-oldrel-osx-x86_64 0.40 OK

Check Details

Version: 0.40
Check: compiled code
Result: NOTE
    File ‘localgauss/libs/localgauss.so’:
     Found no calls to: ‘R_registerRoutines’, ‘R_useDynamicSymbols’
    
    It is good practice to register native routines and to disable symbol
    search.
    
    See ‘Writing portable packages’ in the ‘Writing R Extensions’ manual.
Flavors: r-devel-linux-x86_64-fedora-clang, r-devel-linux-x86_64-fedora-gcc