CRAN Package Check Results for Package localgauss

Last updated on 2019-09-16 20:47:50 CEST.

Flavor Version Tinstall Tcheck Ttotal Status Flags
r-devel-linux-x86_64-debian-clang 0.40 4.43 20.22 24.65 OK
r-devel-linux-x86_64-debian-gcc 0.40 3.64 16.87 20.51 OK
r-devel-linux-x86_64-fedora-clang 0.40 31.37 NOTE
r-devel-linux-x86_64-fedora-gcc 0.40 30.71 NOTE
r-devel-windows-ix86+x86_64 0.40 24.00 48.00 72.00 OK
r-patched-linux-x86_64 0.40 4.01 20.10 24.11 OK
r-patched-solaris-x86 0.40 56.00 OK
r-release-linux-x86_64 0.40 3.98 21.17 25.15 OK
r-release-windows-ix86+x86_64 0.40 15.00 88.00 103.00 OK
r-release-osx-x86_64 0.40 OK
r-oldrel-windows-ix86+x86_64 0.40 17.00 48.00 65.00 OK
r-oldrel-osx-x86_64 0.40 OK

Check Details

Version: 0.40
Check: compiled code
Result: NOTE
    File ‘localgauss/libs/localgauss.so’:
     Found no calls to: ‘R_registerRoutines’, ‘R_useDynamicSymbols’
    
    It is good practice to register native routines and to disable symbol
    search.
    
    See ‘Writing portable packages’ in the ‘Writing R Extensions’ manual.
Flavors: r-devel-linux-x86_64-fedora-clang, r-devel-linux-x86_64-fedora-gcc