Last updated on 2023-09-23 17:54:07 CEST.
Flavor | Version | Tinstall | Tcheck | Ttotal | Status | Flags |
---|---|---|---|---|---|---|
r-devel-linux-x86_64-debian-clang | 1.1 | 3.74 | 33.39 | 37.13 | NOTE | |
r-devel-linux-x86_64-debian-gcc | 1.1 | 3.01 | 25.85 | 28.86 | NOTE | |
r-devel-linux-x86_64-fedora-clang | 1.1 | 45.69 | NOTE | |||
r-devel-linux-x86_64-fedora-gcc | 1.1 | 45.27 | NOTE | |||
r-devel-windows-x86_64 | 1.1 | 6.00 | 51.00 | 57.00 | NOTE | |
r-patched-linux-x86_64 | 1.1 | 3.44 | 30.69 | 34.13 | OK | |
r-release-linux-x86_64 | 1.1 | 3.78 | 30.68 | 34.46 | OK | |
r-release-macos-arm64 | 1.1 | 22.00 | OK | |||
r-release-macos-x86_64 | 1.1 | 28.00 | OK | |||
r-release-windows-x86_64 | 1.1 | 5.00 | 51.00 | 56.00 | OK | |
r-oldrel-macos-arm64 | 1.1 | 19.00 | OK | |||
r-oldrel-macos-x86_64 | 1.1 | 27.00 | OK | |||
r-oldrel-windows-x86_64 | 1.1 | 7.00 | 54.00 | 61.00 | OK |
Version: 1.1
Check: Rd contents
Result: NOTE
Argument items with no description in Rd object 'spec.emb':
‘A’
Flavors: r-devel-linux-x86_64-debian-clang, r-devel-linux-x86_64-debian-gcc, r-devel-linux-x86_64-fedora-clang, r-devel-linux-x86_64-fedora-gcc, r-devel-windows-x86_64
Version: 1.1
Check: compiled code
Result: NOTE
File ‘loe/libs/loe.so’:
Found no calls to: ‘R_registerRoutines’, ‘R_useDynamicSymbols’
It is good practice to register native routines and to disable symbol
search.
See ‘Writing portable packages’ in the ‘Writing R Extensions’ manual.
Flavors: r-devel-linux-x86_64-fedora-clang, r-devel-linux-x86_64-fedora-gcc