CRAN Package Check Results for Package logisticRR

Last updated on 2020-02-20 22:51:03 CET.

Flavor Version Tinstall Tcheck Ttotal Status Flags
r-devel-linux-x86_64-debian-clang 0.2.0 3.13 47.79 50.92 WARN
r-devel-linux-x86_64-debian-gcc 0.2.0 2.66 211.91 214.57 OK
r-devel-linux-x86_64-fedora-clang 0.2.0 343.58 OK
r-devel-linux-x86_64-fedora-gcc 0.2.0 333.48 OK
r-devel-windows-ix86+x86_64 0.2.0 7.00 299.00 306.00 OK
r-devel-windows-ix86+x86_64-gcc8 0.2.0 11.00 370.00 381.00 OK
r-patched-linux-x86_64 0.2.0 2.86 265.53 268.39 OK
r-patched-solaris-x86 0.2.0 420.40 OK
r-release-linux-x86_64 0.2.0 2.90 269.60 272.50 OK
r-release-windows-ix86+x86_64 0.2.0 5.00 291.00 296.00 OK
r-release-osx-x86_64 0.2.0 OK
r-oldrel-windows-ix86+x86_64 0.2.0 3.00 279.00 282.00 OK
r-oldrel-osx-x86_64 0.2.0 OK

Check Details

Version: 0.2.0
Check: re-building of vignette outputs
Result: WARN
    Error(s) in re-building vignettes:
     ...
    --- re-building 'logisticRR.Rmd' using rmarkdown
    Quitting from lines 162-169 (logisticRR.Rmd)
    Error: processing vignette 'logisticRR.Rmd' failed with diagnostics:
    subscript out of bounds
    --- failed re-building 'logisticRR.Rmd'
    
    SUMMARY: processing the following file failed:
     'logisticRR.Rmd'
    
    Error: Vignette re-building failed.
    Execution halted
Flavor: r-devel-linux-x86_64-debian-clang