CRAN Package Check Results for Package logitr

Last updated on 2024-07-24 00:53:54 CEST.

Flavor Version Tinstall Tcheck Ttotal Status Flags
r-devel-linux-x86_64-debian-clang 1.1.1 4.74 179.63 184.37 NOTE
r-devel-linux-x86_64-debian-gcc 1.1.1 4.82 140.86 145.68 NOTE
r-devel-linux-x86_64-fedora-clang 1.1.1 215.21 ERROR
r-devel-linux-x86_64-fedora-gcc 1.1.1 253.84 NOTE
r-devel-windows-x86_64 1.1.1 7.00 211.00 218.00 NOTE
r-patched-linux-x86_64 1.1.1 7.97 174.32 182.29 NOTE
r-release-linux-x86_64 1.1.1 5.41 174.52 179.93 NOTE
r-release-macos-arm64 1.1.1 92.00 NOTE
r-release-macos-x86_64 1.1.1 149.00 NOTE
r-release-windows-x86_64 1.1.1 7.00 209.00 216.00 NOTE
r-oldrel-macos-arm64 1.1.1 88.00 OK
r-oldrel-macos-x86_64 1.1.1 161.00 OK
r-oldrel-windows-x86_64 1.1.1 9.00 244.00 253.00 OK

Check Details

Version: 1.1.1
Check: Rd files
Result: NOTE checkRd: (-1) apolloModeChoiceData.Rd:6: Lost braces; missing escapes or markup? 6 | \title{Simulated SP dataset of mode choice (from the {apollo} package).} | ^ checkRd: (-1) electricity.Rd:6: Lost braces; missing escapes or markup? 6 | \title{Stated preference data for the choice of electricity suppliers (from {mlogit} package)} | ^ checkRd: (-1) runtimes.Rd:24: Lost braces; missing escapes or markup? 24 | using the following R packages: {logitr}, {mixl}, {mlogit}, {gmnl}, and | ^ checkRd: (-1) runtimes.Rd:24: Lost braces; missing escapes or markup? 24 | using the following R packages: {logitr}, {mixl}, {mlogit}, {gmnl}, and | ^ checkRd: (-1) runtimes.Rd:24: Lost braces; missing escapes or markup? 24 | using the following R packages: {logitr}, {mixl}, {mlogit}, {gmnl}, and | ^ checkRd: (-1) runtimes.Rd:24: Lost braces; missing escapes or markup? 24 | using the following R packages: {logitr}, {mixl}, {mlogit}, {gmnl}, and | ^ checkRd: (-1) runtimes.Rd:25: Lost braces; missing escapes or markup? 25 | {apollo}. The run times are exported from the Google colab notebook here: | ^ Flavors: r-devel-linux-x86_64-debian-clang, r-devel-linux-x86_64-debian-gcc, r-devel-linux-x86_64-fedora-clang, r-devel-linux-x86_64-fedora-gcc, r-devel-windows-x86_64, r-patched-linux-x86_64, r-release-linux-x86_64, r-release-macos-arm64, r-release-macos-x86_64, r-release-windows-x86_64

Version: 1.1.1
Check: re-building of vignette outputs
Result: ERROR Error(s) in re-building vignettes: --- re-building ‘basic_usage.Rmd’ using rmarkdown --- finished re-building ‘basic_usage.Rmd’ --- re-building ‘benchmark.Rmd’ using rmarkdown --- finished re-building ‘benchmark.Rmd’ --- re-building ‘convergence.Rmd’ using rmarkdown --- finished re-building ‘convergence.Rmd’ --- re-building ‘data_formatting.Rmd’ using rmarkdown --- finished re-building ‘data_formatting.Rmd’ --- re-building ‘interactions.Rmd’ using rmarkdown --- finished re-building ‘interactions.Rmd’ --- re-building ‘mnl_models.Rmd’ using rmarkdown --- finished re-building ‘mnl_models.Rmd’ --- re-building ‘mnl_models_weighted.Rmd’ using rmarkdown --- finished re-building ‘mnl_models_weighted.Rmd’ --- re-building ‘mxl_models.Rmd’ using rmarkdown --- finished re-building ‘mxl_models.Rmd’ --- re-building ‘predict.Rmd’ using rmarkdown --- finished re-building ‘predict.Rmd’ --- re-building ‘summarizing_results.Rmd’ using rmarkdown Quitting from lines 108-112 [unnamed-chunk-11] (summarizing_results.Rmd) Error: processing vignette 'summarizing_results.Rmd' failed with diagnostics: The package "broom.helpers" (>= 1.15.0) is required. --- failed re-building ‘summarizing_results.Rmd’ --- re-building ‘utility_models.Rmd’ using rmarkdown --- finished re-building ‘utility_models.Rmd’ SUMMARY: processing the following file failed: ‘summarizing_results.Rmd’ Error: Vignette re-building failed. Execution halted Flavor: r-devel-linux-x86_64-fedora-clang