CRAN Package Check Results for Package lognorm

Last updated on 2020-08-13 11:50:09 CEST.

Flavor Version Tinstall Tcheck Ttotal Status Flags
r-devel-linux-x86_64-debian-clang 0.1.6 8.24 74.57 82.81 WARN
r-devel-linux-x86_64-debian-gcc 0.1.6 6.32 59.56 65.88 OK
r-devel-linux-x86_64-fedora-clang 0.1.6 109.85 OK
r-devel-linux-x86_64-fedora-gcc 0.1.6 100.64 OK
r-devel-windows-ix86+x86_64 0.1.6 20.00 104.00 124.00 OK
r-patched-linux-x86_64 0.1.6 6.97 75.72 82.69 OK
r-patched-solaris-x86 0.1.6 151.80 OK
r-release-linux-x86_64 0.1.6 8.27 72.67 80.94 WARN
r-release-macos-x86_64 0.1.6 OK
r-release-windows-ix86+x86_64 0.1.6 20.00 89.00 109.00 OK
r-oldrel-macos-x86_64 0.1.6 OK
r-oldrel-windows-ix86+x86_64 0.1.6 13.00 82.00 95.00 OK

Check Details

Version: 0.1.6
Check: package dependencies
Result: NOTE
    Package suggested but not available for checking: 'tidyr'
Flavors: r-devel-linux-x86_64-debian-clang, r-release-linux-x86_64

Version: 0.1.6
Check: re-building of vignette outputs
Result: WARN
    Error(s) in re-building vignettes:
     ...
    --- re-building 'aggregateCorrelated.Rmd' using rmarkdown
    Warning in engine$weave(file, quiet = quiet, encoding = enc) :
     The vignette engine knitr::rmarkdown is not available, because the rmarkdown package is not installed. Please install it.
    --- finished re-building 'aggregateCorrelated.Rmd'
    
    --- re-building 'lognorm.Rmd' using rmarkdown
    Warning in engine$weave(file, quiet = quiet, encoding = enc) :
     The vignette engine knitr::rmarkdown is not available, because the rmarkdown package is not installed. Please install it.
    --- finished re-building 'lognorm.Rmd'
    
    --- re-building 'lognormalSum.Rmd' using rmarkdown
    Warning in engine$weave(file, quiet = quiet, encoding = enc) :
     The vignette engine knitr::rmarkdown is not available, because the rmarkdown package is not installed. Please install it.
    Quitting from lines 16-39 (lognormalSum.Rmd)
    Error: processing vignette 'lognormalSum.Rmd' failed with diagnostics:
    could not find function "exit"
    --- failed re-building 'lognormalSum.Rmd'
    
    SUMMARY: processing the following file failed:
     'lognormalSum.Rmd'
    
    Error: Vignette re-building failed.
    Execution halted
Flavors: r-devel-linux-x86_64-debian-clang, r-release-linux-x86_64