Last updated on 2022-05-17 20:51:23 CEST.
Flavor | Version | Tinstall | Tcheck | Ttotal | Status | Flags |
---|---|---|---|---|---|---|
r-devel-linux-x86_64-debian-clang | 0.1.0 | 13.10 | 119.55 | 132.65 | OK | |
r-devel-linux-x86_64-debian-gcc | 0.1.0 | 9.74 | 89.19 | 98.93 | OK | |
r-devel-linux-x86_64-fedora-clang | 0.1.0 | 154.54 | NOTE | |||
r-devel-linux-x86_64-fedora-gcc | 0.1.0 | 149.91 | NOTE | |||
r-devel-windows-x86_64 | 0.1.0 | 16.00 | 128.00 | 144.00 | OK | |
r-patched-linux-x86_64 | 0.1.0 | 11.82 | 110.46 | 122.28 | OK | |
r-release-linux-x86_64 | 0.1.0 | 11.44 | 111.03 | 122.47 | OK | |
r-release-macos-arm64 | 0.1.0 | 53.00 | NOTE | |||
r-release-macos-x86_64 | 0.1.0 | 66.00 | NOTE | |||
r-release-windows-x86_64 | 0.1.0 | 21.00 | 122.00 | 143.00 | OK | |
r-oldrel-macos-arm64 | 0.1.0 | 53.00 | NOTE | |||
r-oldrel-macos-x86_64 | 0.1.0 | 107.00 | NOTE | |||
r-oldrel-windows-ix86+x86_64 | 0.1.0 | 30.00 | 127.00 | 157.00 | OK |
Version: 0.1.0
Check: dependencies in R code
Result: NOTE
Namespace in Imports field not imported from: ‘utils’
All declared Imports should be used.
Flavors: r-devel-linux-x86_64-fedora-clang, r-devel-linux-x86_64-fedora-gcc, r-release-macos-arm64, r-release-macos-x86_64, r-oldrel-macos-arm64, r-oldrel-macos-x86_64